Last updated on 2016-03-07 23:47:18.
Flavor | Version | Tinstall | Tcheck | Ttotal | Status | Flags |
---|---|---|---|---|---|---|
r-devel-linux-x86_64-debian-gcc | 2.0.0 | 4.39 | 206.23 | 210.62 | OK | |
r-devel-linux-x86_64-fedora-clang | 2.0.0 | 386.11 | OK | |||
r-devel-linux-x86_64-fedora-gcc | 2.0.0 | 370.29 | OK | |||
r-devel-osx-x86_64-clang | 2.0.0 | 385.48 | OK | |||
r-devel-windows-ix86+x86_64 | 2.0.0 | 22.00 | 301.00 | 323.00 | OK | |
r-patched-linux-x86_64 | 2.0.0 | 4.82 | 218.25 | 223.08 | OK | |
r-patched-solaris-sparc | 2.0.0 | 2363.40 | OK | |||
r-patched-solaris-x86 | 2.0.0 | 511.70 | OK | |||
r-release-linux-x86_64 | 2.0.0 | 5.12 | 206.04 | 211.16 | OK | |
r-release-osx-x86_64-mavericks | 2.0.0 | OK | ||||
r-release-windows-ix86+x86_64 | 2.0.0 | 19.00 | 403.00 | 422.00 | OK | |
r-oldrel-windows-ix86+x86_64 | 1.0.0 | 36.00 | 215.00 | 251.00 | ERROR |
Version: 1.0.0
Check: whether package can be installed
Result: WARN
Found the following significant warnings:
Warning: replacing previous import by 'grid::arrow' when loading 'caretEnsemble'
Warning: replacing previous import by 'grid::unit' when loading 'caretEnsemble'
Flavor: r-oldrel-windows-ix86+x86_64
Version: 1.0.0
Check: tests
Result: ERROR
Running the tests in 'tests/testthat.R' failed.
Last 13 lines of output:
2L, 2L, 1L, 2L, 2L, 2L, 1L, 2L, 2L, 2L, 1L, 2L, 2L, 2L, 2L, 2L, 1L, 1L), .Label = c("No",
"Yes"), class = "factor"), k = 7L, prob = TRUE)
24: stop("dims of 'test' and 'train differ")
testthat results ================================================================
OK: 60 SKIPPED: 28 FAILED: 1
1. Error: We can ensemble regression models
Error: testthat unit tests failed
In addition: Warning message:
In method$prob(modelFit = modelFit, newdata = newdata, submodels = param) :
kernlab class probability calculations failed; returning NAs
Execution halted
Flavor: r-oldrel-windows-ix86+x86_64