CRAN Package Check Results for Package crs

Last updated on 2016-03-07 23:47:19.

Flavor Version Tinstall Tcheck Ttotal Status Flags
r-devel-linux-x86_64-debian-gcc 0.15-24 80.86 171.40 252.26 NOTE
r-devel-linux-x86_64-fedora-clang 0.15-24 475.40 NOTE
r-devel-linux-x86_64-fedora-gcc 0.15-24 472.20 NOTE
r-devel-osx-x86_64-clang 0.15-24 435.85 NOTE
r-devel-windows-ix86+x86_64 0.15-24 266.00 140.00 406.00 NOTE --no-vignettes
r-patched-linux-x86_64 0.15-24 84.64 307.18 391.83 NOTE
r-patched-solaris-sparc 0.15-24 1953.40 NOTE --no-vignettes
r-patched-solaris-x86 0.15-24 658.20 NOTE --no-build-vignettes
r-release-linux-x86_64 0.15-24 81.83 299.65 381.47 NOTE
r-release-osx-x86_64-mavericks 0.15-24 NOTE
r-release-windows-ix86+x86_64 0.15-24 283.00 171.00 454.00 NOTE --no-vignettes
r-oldrel-windows-ix86+x86_64 0.15-24 281.00 313.00 594.00 NOTE --no-vignettes

Check Details

Version: 0.15-24
Check: package dependencies
Result: NOTE
    Package suggested but not available for checking: ‘npRmpi’
Flavors: r-devel-linux-x86_64-debian-gcc, r-devel-linux-x86_64-fedora-clang, r-devel-linux-x86_64-fedora-gcc, r-devel-osx-x86_64-clang, r-patched-linux-x86_64, r-release-linux-x86_64, r-release-osx-x86_64-mavericks

Version: 0.15-24
Check: installed package size
Result: NOTE
     installed size is 16.2Mb
     sub-directories of 1Mb or more:
     libs 14.8Mb
Flavors: r-devel-linux-x86_64-debian-gcc, r-devel-linux-x86_64-fedora-clang, r-devel-linux-x86_64-fedora-gcc, r-patched-linux-x86_64, r-release-linux-x86_64, r-release-osx-x86_64-mavericks

Version: 0.15-24
Check: R code for possible problems
Result: NOTE
    gen.xnorm: no visible global function definition for ‘extendrange’
    plot.clsd: no visible global function definition for ‘plot’
    plot.crs: no visible global function definition for ‘par’
    plot.crs: no visible global function definition for ‘plot’
    plot.crs: no visible global function definition for ‘topo.colors’
    plot.npglpreg: no visible global function definition for ‘par’
    plot.npglpreg: no visible global function definition for ‘plot’
    plot.npglpreg: no visible global function definition for ‘topo.colors’
    printClear: no visible global function definition for ‘flush.console’
    printPop: no visible global function definition for ‘flush.console’
    printPush: no visible global function definition for ‘flush.console’
    Undefined global functions or variables:
     extendrange flush.console par plot topo.colors
    Consider adding
     importFrom("grDevices", "extendrange", "topo.colors")
     importFrom("graphics", "par", "plot")
     importFrom("utils", "flush.console")
    to your NAMESPACE file.
Flavors: r-devel-linux-x86_64-debian-gcc, r-devel-linux-x86_64-fedora-clang, r-devel-linux-x86_64-fedora-gcc, r-devel-osx-x86_64-clang

Version: 0.15-24
Flags: --no-vignettes
Check: installed package size
Result: NOTE
     installed size is 6.2Mb
     sub-directories of 1Mb or more:
     libs 4.9Mb
Flavors: r-devel-windows-ix86+x86_64, r-release-windows-ix86+x86_64, r-oldrel-windows-ix86+x86_64

Version: 0.15-24
Flags: --no-vignettes
Check: R code for possible problems
Result: NOTE
    gen.xnorm: no visible global function definition for 'extendrange'
    plot.clsd: no visible global function definition for 'plot'
    plot.crs: no visible global function definition for 'par'
    plot.crs: no visible global function definition for 'plot'
    plot.crs: no visible global function definition for 'topo.colors'
    plot.npglpreg: no visible global function definition for 'par'
    plot.npglpreg: no visible global function definition for 'plot'
    plot.npglpreg: no visible global function definition for 'topo.colors'
    printClear: no visible global function definition for 'flush.console'
    printPop: no visible global function definition for 'flush.console'
    printPush: no visible global function definition for 'flush.console'
    Undefined global functions or variables:
     extendrange flush.console par plot topo.colors
    Consider adding
     importFrom("grDevices", "extendrange", "topo.colors")
     importFrom("graphics", "par", "plot")
     importFrom("utils", "flush.console")
    to your NAMESPACE file.
Flavor: r-devel-windows-ix86+x86_64

Version: 0.15-24
Flags: --no-vignettes
Check: package dependencies
Result: NOTE
    Package suggested but not available for checking: ‘npRmpi’
Flavor: r-patched-solaris-sparc

Version: 0.15-24
Flags: --no-build-vignettes
Check: package dependencies
Result: NOTE
    Package suggested but not available for checking: ‘npRmpi’
Flavor: r-patched-solaris-x86

Version: 0.15-24
Flags: --no-build-vignettes
Check: installed package size
Result: NOTE
     installed size is 5.2Mb
     sub-directories of 1Mb or more:
     libs 3.4Mb
Flavor: r-patched-solaris-x86