CRAN Package Check Results for Package ctsem

Last updated on 2016-03-07 23:47:19.

Flavor Version Tinstall Tcheck Ttotal Status Flags
r-devel-linux-x86_64-debian-gcc 1.1.5.2 3.58 947.89 951.48 OK
r-devel-linux-x86_64-fedora-clang 1.1.5.2 612.57 NOTE
r-devel-linux-x86_64-fedora-gcc 1.1.5.2 2228.77 NOTE
r-devel-osx-x86_64-clang 1.1.5.2 628.76 NOTE
r-devel-windows-ix86+x86_64 1.1.5.2 13.00 164.00 177.00 OK --no-vignettes
r-patched-linux-x86_64 1.1.5.2 4.11 349.28 353.39 NOTE
r-patched-solaris-sparc 1.1.5.2 17.60 ERROR
r-patched-solaris-x86 1.1.5.2 3.30 ERROR
r-release-linux-x86_64 1.1.5.2 4.13 353.39 357.53 NOTE
r-release-osx-x86_64-mavericks 1.1.5.2 NOTE
r-release-windows-ix86+x86_64 1.1.5.2 15.00 229.00 244.00 NOTE --no-vignettes
r-oldrel-windows-ix86+x86_64 1.1.5.2 22.00 323.00 345.00 NOTE --no-vignettes

Check Details

Version: 1.1.5.2
Check: dependencies in R code
Result: NOTE
    Namespace in Imports field not imported from: ‘methods’
     All declared Imports should be used.
Flavors: r-devel-linux-x86_64-fedora-clang, r-devel-linux-x86_64-fedora-gcc, r-devel-osx-x86_64-clang, r-patched-linux-x86_64, r-release-linux-x86_64, r-release-osx-x86_64-mavericks

Version: 1.1.5.2
Check: package dependencies
Result: ERROR
    Package required but not available: ‘OpenMx’
    
    See section ‘The DESCRIPTION file’ in the ‘Writing R Extensions’
    manual.
Flavors: r-patched-solaris-sparc, r-patched-solaris-x86

Version: 1.1.5.2
Check: re-building of vignette outputs
Result: NOTE
    Error in re-building vignettes:
     ...
    Error in texi2dvi(file = file, pdf = TRUE, clean = clean, quiet = quiet, :
     Running 'texi2dvi' on 'ctsem.tex' failed.
    LaTeX errors:
    ! LaTeX Error: Missing \begin{document}.
    
    See the LaTeX manual or LaTeX Companion for explanation.
    Type H <return> for immediate help.
     ...
    ! Undefined control sequence.
    l.19 ...<d1><f3>Sw<e0>^^D,<b9><ed>E^^N0<e3>m<0b>!`6^^A<e0><eb>ׯ^^[<86>^^Q<8d>Fs<b9>\<bd>
     ^<b7>,krrR<d7><f5>H$<82><8e>^^X<8d><88>^^J
    The control sequence at the end of the top line
    of your error message was never \def'ed. If you have
    ! Missing $ inserted.
    <inserted text>
     $
    l.19 ...<f3>Sw<e0>^^D,<b9><ed>E^^N0<e3>m<0b>!`6^^A<e0><eb>ׯ^^[<86>^^Q<8d>Fs<b9>\<bd>^
     <b7>,krrR<d7><f5>H$<82><8e>^^X<8d><88>^^J
    ! Please use \mathaccent for accents in math mode.
    \add@accent ...@spacefactor \spacefactor }\accent
     #1 #2\egroup \spacefactor ...
    l.21 <ec>B<bc>\.g
    
    Calls: buildVignettes -> texi2pdf -> texi2dvi
    Execution halted
Flavor: r-release-osx-x86_64-mavericks

Version: 1.1.5.2
Flags: --no-vignettes
Check: dependencies in R code
Result: NOTE
    Namespace in Imports field not imported from: 'methods'
     All declared Imports should be used.
Flavors: r-release-windows-ix86+x86_64, r-oldrel-windows-ix86+x86_64