Last updated on 2016-03-07 23:47:20.
Flavor | Version | Tinstall | Tcheck | Ttotal | Status | Flags |
---|---|---|---|---|---|---|
r-devel-linux-x86_64-debian-gcc | 0.1.4 | 1.17 | 12.81 | 13.98 | NOTE | |
r-devel-linux-x86_64-fedora-clang | 0.1.4 | 19.90 | NOTE | |||
r-devel-linux-x86_64-fedora-gcc | 0.1.4 | 18.60 | NOTE | |||
r-devel-osx-x86_64-clang | 0.1.4 | 26.29 | NOTE | |||
r-devel-windows-ix86+x86_64 | 0.1.4 | 9.00 | 55.00 | 64.00 | NOTE | |
r-patched-linux-x86_64 | 0.1.4 | 1.37 | 12.11 | 13.48 | NOTE | |
r-patched-solaris-sparc | 0.1.4 | 131.00 | NOTE | |||
r-patched-solaris-x86 | 0.1.4 | 31.70 | NOTE | |||
r-release-linux-x86_64 | 0.1.4 | 1.26 | 12.29 | 13.55 | NOTE | |
r-release-osx-x86_64-mavericks | 0.1.4 | NOTE | ||||
r-release-windows-ix86+x86_64 | 0.1.4 | 7.00 | 45.00 | 52.00 | NOTE | |
r-oldrel-windows-ix86+x86_64 | 0.1.4 | 10.00 | 60.00 | 70.00 | OK |
Version: 0.1.4
Check: DESCRIPTION meta-information
Result: NOTE
Malformed Title field: should not end in a period.
Flavors: r-devel-linux-x86_64-debian-gcc, r-devel-linux-x86_64-fedora-clang, r-devel-linux-x86_64-fedora-gcc, r-devel-osx-x86_64-clang, r-devel-windows-ix86+x86_64, r-patched-linux-x86_64, r-patched-solaris-sparc, r-patched-solaris-x86, r-release-linux-x86_64, r-release-osx-x86_64-mavericks, r-release-windows-ix86+x86_64
Version: 0.1.4
Check: S3 generic/method consistency
Result: NOTE
Found the following apparent S3 methods exported but not registered:
plot.deldir
See section ‘Registering S3 methods’ in the ‘Writing R Extensions’
manual.
Flavors: r-devel-linux-x86_64-debian-gcc, r-devel-linux-x86_64-fedora-clang, r-devel-linux-x86_64-fedora-gcc, r-devel-osx-x86_64-clang, r-patched-linux-x86_64, r-patched-solaris-sparc, r-patched-solaris-x86, r-release-linux-x86_64
Version: 0.1.4
Check: R code for possible problems
Result: NOTE
plot.deldir: no visible global function definition for ‘par’
plot.deldir: no visible global function definition for ‘plot’
plot.deldir: no visible global function definition for ‘axis’
plot.deldir: no visible global function definition for ‘segments’
plot.deldir: no visible global function definition for ‘rgb’
plot.deldir: no visible global function definition for ‘chull’
plot.deldir: no visible global function definition for ‘polygon’
plot.deldir: no visible global function definition for ‘points’
plot.deldir: no visible global function definition for ‘text’
plot.deldir: no visible binding for global variable ‘rect’
plotmeanshack: no visible binding for global variable ‘na.omit’
plotmeanshack: no visible global function definition for ‘plot’
plotmeanshack : myvar: no visible global function definition for ‘var’
plotmeanshack: no visible global function definition for ‘qt’
plotmeanshack: no visible global function definition for ‘qnorm’
plotmeanshack: no visible global function definition for ‘axis’
plotmeanshack: no visible global function definition for ‘text’
plotmeanshack: no visible global function definition for ‘par’
plotmeanshack: no visible global function definition for ‘lines’
Undefined global functions or variables:
axis chull lines na.omit par plot points polygon qnorm qt rect rgb
segments text var
Consider adding
importFrom("grDevices", "chull", "rgb")
importFrom("graphics", "axis", "lines", "par", "plot", "points",
"polygon", "rect", "segments", "text")
importFrom("stats", "na.omit", "qnorm", "qt", "var")
to your NAMESPACE file.
Flavors: r-devel-linux-x86_64-debian-gcc, r-devel-linux-x86_64-fedora-clang, r-devel-linux-x86_64-fedora-gcc, r-devel-osx-x86_64-clang, r-devel-windows-ix86+x86_64