CRAN Package Check Results for Package deming

Last updated on 2016-03-07 23:47:20.

Flavor Version Tinstall Tcheck Ttotal Status Flags
r-devel-linux-x86_64-debian-gcc 1.0-1 1.10 15.71 16.81 NOTE
r-devel-linux-x86_64-fedora-clang 1.0-1 27.71 NOTE
r-devel-linux-x86_64-fedora-gcc 1.0-1 26.44 NOTE
r-devel-osx-x86_64-clang 1.0-1 32.46 NOTE
r-devel-windows-ix86+x86_64 1.0-1 7.00 35.00 42.00 NOTE
r-patched-linux-x86_64 1.0-1 1.15 16.51 17.65 NOTE
r-patched-solaris-sparc 1.0-1 180.90 OK
r-patched-solaris-x86 1.0-1 40.60 OK
r-release-linux-x86_64 1.0-1 1.14 16.10 17.24 NOTE
r-release-osx-x86_64-mavericks 1.0-1 OK
r-release-windows-ix86+x86_64 1.0-1 6.00 46.00 52.00 OK
r-oldrel-windows-ix86+x86_64 1.0-1 5.00 49.00 54.00 OK

Check Details

Version: 1.0-1
Check: top-level files
Result: NOTE
    Non-standard file/directory found at top level:
     ‘configure-build’
Flavors: r-devel-linux-x86_64-debian-gcc, r-devel-linux-x86_64-fedora-clang, r-devel-linux-x86_64-fedora-gcc, r-patched-linux-x86_64, r-release-linux-x86_64

Version: 1.0-1
Check: R code for possible problems
Result: NOTE
    deming: no visible global function definition for ‘terms’
    deming: no visible global function definition for ‘model.extract’
    deming: no visible global function definition for ‘model.response’
    deming: no visible global function definition for ‘model.weights’
    deming: no visible global function definition for ‘model.matrix’
    deming: no visible global function definition for ‘qnorm’
    deming.fit1: no visible global function definition for ‘lm.wfit’
    deming.fit1: no visible global function definition for ‘optimize’
    deming.fit2: no visible global function definition for ‘optimize’
    pbreg: no visible global function definition for ‘terms’
    pbreg: no visible global function definition for ‘model.matrix’
    pbreg: no visible global function definition for ‘model.response’
    pbreg: no visible global function definition for ‘model.weights’
    pbreg : bfun: no visible global function definition for ‘rbinom’
    pbreg: no visible global function definition for ‘var’
    pbreg.fit : wtmed: no visible global function definition for ‘approx’
    pbreg.fit: no visible global function definition for ‘median’
    pbreg.fit: no visible global function definition for ‘qnorm’
    pbreg.fit: no visible global function definition for ‘approx’
    print.deming: no visible global function definition for ‘naprint’
    print.pbreg: no visible global function definition for ‘naprint’
    print.thielsen: no visible global function definition for ‘naprint’
    theilsen.fit : wtmed: no visible global function definition for
     ‘approx’
    theilsen.fit: no visible global function definition for ‘median’
    theilsen.fit: no visible binding for global variable ‘mad’
    theilsen.fit: no visible global function definition for ‘qnorm’
    theilsen.fit: no visible global function definition for ‘approx’
    thielsen: no visible global function definition for ‘terms’
    thielsen: no visible global function definition for ‘model.matrix’
    thielsen: no visible global function definition for ‘model.response’
    thielsen: no visible global function definition for ‘model.weights’
    thielsen : wild: no visible global function definition for ‘rbinom’
    thielsen: no visible global function definition for ‘var’
    Undefined global functions or variables:
     approx lm.wfit mad median model.extract model.matrix model.response
     model.weights naprint optimize qnorm rbinom terms var
    Consider adding
     importFrom("stats", "approx", "lm.wfit", "mad", "median",
     "model.extract", "model.matrix", "model.response",
     "model.weights", "naprint", "optimize", "qnorm", "rbinom",
     "terms", "var")
    to your NAMESPACE file.
Flavors: r-devel-linux-x86_64-debian-gcc, r-devel-linux-x86_64-fedora-clang, r-devel-linux-x86_64-fedora-gcc, r-devel-osx-x86_64-clang, r-devel-windows-ix86+x86_64