CRAN Package Check Results for Package ecp

Last updated on 2016-03-07 23:47:21.

Flavor Version Tinstall Tcheck Ttotal Status Flags
r-devel-linux-x86_64-debian-gcc 2.0.0 10.66 21.89 32.55 NOTE
r-devel-linux-x86_64-fedora-clang 2.0.0 60.67 NOTE
r-devel-linux-x86_64-fedora-gcc 2.0.0 60.03 NOTE
r-devel-osx-x86_64-clang 2.0.0 54.22 NOTE
r-devel-windows-ix86+x86_64 2.0.0 64.00 58.00 122.00 NOTE
r-patched-linux-x86_64 2.0.0 11.15 23.54 34.69 OK
r-patched-solaris-sparc 2.0.0 333.70 OK
r-patched-solaris-x86 2.0.0 73.30 OK
r-release-linux-x86_64 2.0.0 10.93 23.54 34.47 OK
r-release-osx-x86_64-mavericks 2.0.0 OK
r-release-windows-ix86+x86_64 2.0.0 61.00 81.00 142.00 OK
r-oldrel-windows-ix86+x86_64 2.0.0 50.00 88.00 138.00 OK

Check Details

Version: 2.0.0
Check: R code for possible problems
Result: NOTE
    e.divisive: no visible global function definition for ‘dist’
    e.divisive: no visible global function definition for ‘tail’
    gof.update: no visible global function definition for ‘tail’
    Undefined global functions or variables:
     dist tail
    Consider adding
     importFrom("stats", "dist")
     importFrom("utils", "tail")
    to your NAMESPACE file.
Flavors: r-devel-linux-x86_64-debian-gcc, r-devel-linux-x86_64-fedora-clang, r-devel-linux-x86_64-fedora-gcc, r-devel-osx-x86_64-clang, r-devel-windows-ix86+x86_64