Last updated on 2016-03-07 23:47:23.
Flavor | Version | Tinstall | Tcheck | Ttotal | Status | Flags |
---|---|---|---|---|---|---|
r-devel-linux-x86_64-debian-gcc | 2152.78 | 2.00 | 34.52 | 36.51 | NOTE | |
r-devel-linux-x86_64-fedora-clang | 2152.78 | 69.93 | NOTE | |||
r-devel-linux-x86_64-fedora-gcc | 2152.78 | 65.10 | NOTE | |||
r-devel-osx-x86_64-clang | 2152.78 | 71.18 | NOTE | |||
r-devel-windows-ix86+x86_64 | 2152.78 | 9.00 | 61.00 | 70.00 | NOTE | |
r-patched-linux-x86_64 | 2152.78 | 2.54 | 37.47 | 40.02 | NOTE | |
r-patched-solaris-sparc | 2152.78 | 451.30 | NOTE | |||
r-patched-solaris-x86 | 2152.78 | 91.00 | NOTE | |||
r-release-linux-x86_64 | 2152.78 | 2.32 | 37.29 | 39.61 | NOTE | |
r-release-osx-x86_64-mavericks | 2152.78 | NOTE | ||||
r-release-windows-ix86+x86_64 | 2152.78 | 9.00 | 66.00 | 75.00 | NOTE | |
r-oldrel-windows-ix86+x86_64 | 2152.78 | 12.00 | 99.00 | 111.00 | OK |
Version: 2152.78
Check: DESCRIPTION meta-information
Result: NOTE
Malformed Description field: should contain one or more complete sentences.
Flavors: r-devel-linux-x86_64-debian-gcc, r-devel-linux-x86_64-fedora-clang, r-devel-linux-x86_64-fedora-gcc, r-devel-osx-x86_64-clang, r-devel-windows-ix86+x86_64, r-patched-linux-x86_64, r-patched-solaris-sparc, r-patched-solaris-x86, r-release-linux-x86_64, r-release-osx-x86_64-mavericks, r-release-windows-ix86+x86_64