CRAN Package Check Results for Package fNonlinear

Last updated on 2016-03-07 23:47:23.

Flavor Version Tinstall Tcheck Ttotal Status Flags
r-devel-linux-x86_64-debian-gcc 3010.78 2.56 44.33 46.89 NOTE
r-devel-linux-x86_64-fedora-clang 3010.78 94.34 NOTE
r-devel-linux-x86_64-fedora-gcc 3010.78 85.68 NOTE
r-devel-osx-x86_64-clang 3010.78 93.17 NOTE
r-devel-windows-ix86+x86_64 3010.78 14.00 124.00 138.00 NOTE
r-patched-linux-x86_64 3010.78 2.80 49.40 52.20 NOTE
r-patched-solaris-sparc 3010.78 670.10 NOTE
r-patched-solaris-x86 3010.78 118.70 NOTE
r-release-linux-x86_64 3010.78 2.79 52.58 55.37 NOTE
r-release-osx-x86_64-mavericks 3010.78 NOTE
r-release-windows-ix86+x86_64 3010.78 14.00 144.00 158.00 NOTE
r-oldrel-windows-ix86+x86_64 3010.78 17.00 187.00 204.00 NOTE

Check Details

Version: 3010.78
Check: DESCRIPTION meta-information
Result: NOTE
    Malformed Description field: should contain one or more complete sentences.
Flavors: r-devel-linux-x86_64-debian-gcc, r-devel-linux-x86_64-fedora-clang, r-devel-linux-x86_64-fedora-gcc, r-devel-osx-x86_64-clang, r-devel-windows-ix86+x86_64, r-patched-linux-x86_64, r-patched-solaris-sparc, r-patched-solaris-x86, r-release-linux-x86_64, r-release-osx-x86_64-mavericks, r-release-windows-ix86+x86_64

Version: 3010.78
Check: R code for possible problems
Result: NOTE
    .lyapunovFit: no visible global function definition for ‘lm’
    bdsTest: no visible global function definition for ‘sd’
    bdsTest: no visible global function definition for ‘pnorm’
    falsennPlot: no visible global function definition for ‘sd’
    henonSim: no visible global function definition for ‘runif’
    henonSim: no visible global function definition for ‘ts’
    ikedaSim: no visible global function definition for ‘runif’
    ikedaSim: no visible global function definition for ‘ts’
    logisticSim: no visible global function definition for ‘runif’
    logisticSim: no visible global function definition for ‘ts’
    lorentzSim: no visible global function definition for ‘ts’
    lyapunovPlot: no visible global function definition for ‘ts’
    roesslerSim: no visible global function definition for ‘ts’
    runsTest : runs.test: no visible global function definition for ‘pnorm’
    tentSim: no visible global function definition for ‘runif’
    tentSim: no visible global function definition for ‘ts’
    tnnTest: no visible global function definition for ‘embed’
    tnnTest: no visible global function definition for ‘as.formula’
    tnnTest: no visible global function definition for ‘lm’
    tnnTest: no visible global function definition for ‘pchisq’
    tnnTest: no visible global function definition for ‘pf’
    wnnTest: no visible global function definition for ‘embed’
    wnnTest: no visible global function definition for ‘as.formula’
    wnnTest: no visible global function definition for ‘lm’
    wnnTest: no visible global function definition for ‘runif’
    wnnTest: no visible global function definition for ‘prcomp’
    wnnTest: no visible global function definition for ‘pchisq’
    wnnTest: no visible global function definition for ‘pf’
    Undefined global functions or variables:
     as.formula embed lm pchisq pf pnorm prcomp runif sd ts
    Consider adding
     importFrom("stats", "as.formula", "embed", "lm", "pchisq", "pf",
     "pnorm", "prcomp", "runif", "sd", "ts")
    to your NAMESPACE file.
Flavors: r-devel-linux-x86_64-debian-gcc, r-devel-linux-x86_64-fedora-clang, r-devel-linux-x86_64-fedora-gcc, r-devel-osx-x86_64-clang, r-devel-windows-ix86+x86_64

Version: 3010.78
Check: line endings in Makefiles
Result: NOTE
    Found the following Makefile(s) without a final LF:
     inst/unitTests/Makefile
    Some ‘make’ programs ignore lines not ending in LF.
Flavors: r-devel-linux-x86_64-debian-gcc, r-devel-linux-x86_64-fedora-clang, r-devel-linux-x86_64-fedora-gcc, r-devel-osx-x86_64-clang, r-devel-windows-ix86+x86_64, r-patched-linux-x86_64, r-patched-solaris-sparc, r-patched-solaris-x86, r-release-linux-x86_64, r-release-osx-x86_64-mavericks, r-release-windows-ix86+x86_64, r-oldrel-windows-ix86+x86_64