Last updated on 2016-03-07 23:47:22.
Flavor | Version | Tinstall | Tcheck | Ttotal | Status | Flags |
---|---|---|---|---|---|---|
r-devel-linux-x86_64-debian-gcc | 1.7 | 10.40 | 25.40 | 35.80 | NOTE | |
r-devel-linux-x86_64-fedora-clang | 1.7 | 64.29 | NOTE | |||
r-devel-linux-x86_64-fedora-gcc | 1.7 | 60.90 | NOTE | |||
r-devel-osx-x86_64-clang | 1.7 | 71.09 | NOTE | |||
r-devel-windows-ix86+x86_64 | 1.7 | 23.00 | 53.00 | 76.00 | NOTE | |
r-patched-linux-x86_64 | 1.7 | 10.54 | 27.73 | 38.27 | NOTE | |
r-patched-solaris-sparc | 1.7 | 423.00 | NOTE | |||
r-patched-solaris-x86 | 1.7 | 104.60 | NOTE | |||
r-release-linux-x86_64 | 1.7 | 10.38 | 27.33 | 37.71 | NOTE | |
r-release-osx-x86_64-mavericks | 1.7 | NOTE | ||||
r-release-windows-ix86+x86_64 | 1.7 | 24.00 | 55.00 | 79.00 | NOTE | |
r-oldrel-windows-ix86+x86_64 | 1.7 | 38.00 | 94.00 | 132.00 | OK |
Version: 1.7
Check: DESCRIPTION meta-information
Result: NOTE
Malformed Description field: should contain one or more complete sentences.
Flavors: r-devel-linux-x86_64-debian-gcc, r-devel-linux-x86_64-fedora-clang, r-devel-linux-x86_64-fedora-gcc, r-devel-osx-x86_64-clang, r-devel-windows-ix86+x86_64, r-patched-linux-x86_64, r-patched-solaris-sparc, r-patched-solaris-x86, r-release-linux-x86_64, r-release-osx-x86_64-mavericks, r-release-windows-ix86+x86_64
Version: 1.7
Check: R code for possible problems
Result: NOTE
read.hmd: no visible global function definition for ‘read.table’
Undefined global functions or variables:
read.table
Consider adding
importFrom("utils", "read.table")
to your NAMESPACE file.
Flavors: r-devel-linux-x86_64-debian-gcc, r-devel-linux-x86_64-fedora-clang, r-devel-linux-x86_64-fedora-gcc, r-devel-osx-x86_64-clang, r-devel-windows-ix86+x86_64