Last updated on 2016-03-07 23:47:23.
Flavor | Version | Tinstall | Tcheck | Ttotal | Status | Flags |
---|---|---|---|---|---|---|
r-devel-linux-x86_64-debian-gcc | 2.2-13 | 25.55 | 44.62 | 70.17 | NOTE | |
r-devel-linux-x86_64-fedora-clang | 2.2-13 | 132.10 | WARN | |||
r-devel-linux-x86_64-fedora-gcc | 2.2-13 | 122.76 | NOTE | |||
r-devel-osx-x86_64-clang | 2.2-13 | 142.26 | WARN | |||
r-devel-windows-ix86+x86_64 | 2.2-13 | 120.00 | 104.00 | 224.00 | NOTE | |
r-patched-linux-x86_64 | 2.2-13 | 26.56 | 46.21 | 72.78 | NOTE | |
r-patched-solaris-sparc | 2.2-13 | 745.00 | NOTE | |||
r-patched-solaris-x86 | 2.2-13 | 185.40 | NOTE | |||
r-release-linux-x86_64 | 2.2-13 | 26.04 | 47.69 | 73.72 | NOTE | |
r-release-osx-x86_64-mavericks | 2.2-13 | OK | ||||
r-release-windows-ix86+x86_64 | 2.2-13 | 112.00 | 125.00 | 237.00 | OK | |
r-oldrel-windows-ix86+x86_64 | 2.2-13 | 101.00 | 132.00 | 233.00 | OK |
Version: 2.2-13
Check: S3 generic/method consistency
Result: NOTE
Found the following apparent S3 methods exported but not registered:
as.hi.logical keyorder.default keysort.default mergeorder.default
mergesort.default radixorder.default radixsort.default
ramorder.default ramsort.default shellorder.default shellsort.default
See section ‘Registering S3 methods’ in the ‘Writing R Extensions’
manual.
Flavors: r-devel-linux-x86_64-debian-gcc, r-devel-linux-x86_64-fedora-clang, r-devel-linux-x86_64-fedora-gcc, r-devel-osx-x86_64-clang, r-patched-linux-x86_64, r-patched-solaris-sparc, r-patched-solaris-x86, r-release-linux-x86_64
Version: 2.2-13
Check: R code for possible problems
Result: NOTE
bigsample.default: no visible global function definition for ‘runif’
cmedian: no visible binding for global variable ‘median’
cquantile: no visible binding for global variable ‘quantile’
read.table.ffdf: no visible binding for global variable ‘read.fwf’
read.table.ffdf: no visible binding for global variable ‘read.table’
regtest.fforder: no visible global function definition for ‘runif’
str.ff: no visible global function definition for ‘str’
str.ffdf: no visible global function definition for ‘str’
str.hi: no visible global function definition for ‘str’
write.csv: no visible binding for global variable ‘write.table’
write.csv2: no visible binding for global variable ‘write.table’
Undefined global functions or variables:
median quantile read.fwf read.table runif str write.table
Consider adding
importFrom("stats", "median", "quantile", "runif")
importFrom("utils", "read.fwf", "read.table", "str", "write.table")
to your NAMESPACE file.
Flavors: r-devel-linux-x86_64-debian-gcc, r-devel-linux-x86_64-fedora-clang, r-devel-linux-x86_64-fedora-gcc, r-devel-osx-x86_64-clang, r-devel-windows-ix86+x86_64
Version: 2.2-13
Check: whether package can be installed
Result: WARN
Found the following significant warnings:
ff.cpp:256:16: warning: 'long long' is a C++11 extension [-Wc++11-long-long]
ff.cpp:256:54: warning: 'long long' is a C++11 extension [-Wc++11-long-long]
Flavors: r-devel-linux-x86_64-fedora-clang, r-devel-osx-x86_64-clang