Last updated on 2016-03-07 23:47:23.
Flavor | Version | Tinstall | Tcheck | Ttotal | Status | Flags |
---|---|---|---|---|---|---|
r-devel-linux-x86_64-debian-gcc | 0.12.1 | 2.08 | 33.73 | 35.81 | NOTE | |
r-devel-linux-x86_64-fedora-clang | 0.12.1 | 66.38 | NOTE | |||
r-devel-linux-x86_64-fedora-gcc | 0.12.1 | 62.34 | NOTE | |||
r-devel-osx-x86_64-clang | 0.12.1 | 81.88 | NOTE | |||
r-devel-windows-ix86+x86_64 | 0.12.1 | 17.00 | 97.00 | 114.00 | NOTE | |
r-patched-linux-x86_64 | 0.12.1 | 2.06 | 36.22 | 38.28 | OK | |
r-patched-solaris-sparc | 0.12.1 | 408.50 | OK | |||
r-patched-solaris-x86 | 0.12.1 | 87.30 | OK | |||
r-release-linux-x86_64 | 0.12.1 | 2.16 | 35.72 | 37.87 | OK | |
r-release-osx-x86_64-mavericks | 0.12.1 | OK | ||||
r-release-windows-ix86+x86_64 | 0.12.1 | 29.00 | 107.00 | 136.00 | OK | |
r-oldrel-windows-ix86+x86_64 | 0.12.1 | 20.00 | 157.00 | 177.00 | OK |
Version: 0.12.1
Check: R code for possible problems
Result: NOTE
bigglm.ffdf: no visible global function definition for ‘gaussian’
cummax.ff: no visible global function definition for ‘tail’
cummin.ff: no visible global function definition for ‘tail’
cumprod.ff: no visible global function definition for ‘tail’
cumsum.ff: no visible global function definition for ‘tail’
diff.ff: no visible global function definition for ‘tail’
duplicated.ff: no visible global function definition for ‘head’
duplicated.ff: no visible global function definition for ‘tail’
duplicated.ffdf: no visible global function definition for ‘head’
duplicated.ffdf: no visible global function definition for ‘tail’
ffdfrbind.fill: no visible global function definition for ‘tail’
ffrandom: no visible binding for global variable ‘runif’
hist2d.ff: no visible global function definition for ‘image’
pack.ffdf: no visible global function definition for ‘zip’
pack.ffdf: no visible global function definition for ‘tar’
rbind.ffdf: no visible global function definition for ‘tail’
tabulate.ff: no visible global function definition for ‘na.omit’
unpack.ffdf: no visible global function definition for ‘unzip’
unpack.ffdf: no visible global function definition for ‘untar’
Undefined global functions or variables:
gaussian head image na.omit runif tail tar untar unzip zip
Consider adding
importFrom("graphics", "image")
importFrom("stats", "gaussian", "na.omit", "runif")
importFrom("utils", "head", "tail", "tar", "untar", "unzip", "zip")
to your NAMESPACE file.
Flavors: r-devel-linux-x86_64-debian-gcc, r-devel-linux-x86_64-fedora-clang, r-devel-linux-x86_64-fedora-gcc, r-devel-osx-x86_64-clang, r-devel-windows-ix86+x86_64