Last updated on 2016-03-07 23:47:23.
Flavor | Version | Tinstall | Tcheck | Ttotal | Status | Flags |
---|---|---|---|---|---|---|
r-devel-linux-x86_64-debian-gcc | 1.0-6 | 1.09 | 85.48 | 86.58 | OK | |
r-devel-linux-x86_64-fedora-clang | 1.0-6 | 167.87 | OK | |||
r-devel-linux-x86_64-fedora-gcc | 1.0-6 | 161.88 | OK | |||
r-devel-osx-x86_64-clang | 1.0-6 | 155.10 | OK | |||
r-devel-windows-ix86+x86_64 | 1.0-6 | 7.00 | 158.00 | 165.00 | OK | |
r-patched-linux-x86_64 | 1.0-6 | 1.13 | 102.20 | 103.33 | OK | |
r-patched-solaris-sparc | 1.0-6 | 1180.60 | OK | |||
r-patched-solaris-x86 | 1.0-6 | 218.40 | OK | |||
r-release-linux-x86_64 | 1.0-6 | 1.13 | 102.40 | 103.53 | OK | |
r-release-osx-x86_64-mavericks | 1.0-6 | OK | ||||
r-release-windows-ix86+x86_64 | 1.0-6 | 10.00 | 191.00 | 201.00 | OK | |
r-oldrel-windows-ix86+x86_64 | 1.0-5 | 8.00 | 62.00 | 70.00 | ERROR |
Version: 1.0-5
Check: R code for possible problems
Result: NOTE
mmedist: no visible global function definition for 'get0'
Flavor: r-oldrel-windows-ix86+x86_64
Version: 1.0-5
Check: tests
Result: ERROR
Running the tests in 'tests/bootdist.R' failed.
Last 13 lines of output:
+ }
Loading required package: actuar
Attaching package: 'actuar'
The following object is masked from 'package:grDevices':
cm
Error in mmedist(data, distname, start = start, fix.arg = fix.arg, ...) :
could not find function "get0"
Calls: fitdist -> mmedist
Execution halted
Flavor: r-oldrel-windows-ix86+x86_64