CRAN Package Check Results for Package foreach

Last updated on 2016-03-07 23:47:23.

Flavor Version Tinstall Tcheck Ttotal Status Flags
r-devel-linux-x86_64-debian-gcc 1.4.3 0.74 75.45 76.19 OK
r-devel-linux-x86_64-fedora-clang 1.4.3 27.33 OK
r-devel-linux-x86_64-fedora-gcc 1.4.3 25.62 OK
r-devel-osx-x86_64-clang 1.4.3 92.94 OK
r-devel-windows-ix86+x86_64 1.4.3 14.00 107.00 121.00 NOTE
r-patched-linux-x86_64 1.4.3 0.67 138.48 139.16 OK
r-patched-solaris-sparc 1.4.3 184.20 OK
r-patched-solaris-x86 1.4.3 43.50 OK
r-release-linux-x86_64 1.4.3 0.77 138.23 139.00 OK
r-release-osx-x86_64-mavericks 1.4.3 OK
r-release-windows-ix86+x86_64 1.4.3 10.00 182.00 192.00 NOTE
r-oldrel-windows-ix86+x86_64 1.4.3 7.00 188.00 195.00 NOTE

Check Details

Version: 1.4.3
Check: package dependencies
Result: NOTE
    Package which this enhances but not available for checking: 'doMC'
Flavors: r-devel-windows-ix86+x86_64, r-release-windows-ix86+x86_64, r-oldrel-windows-ix86+x86_64