CRAN Package Check Results for Package glmmML

Last updated on 2016-03-07 23:47:25.

Flavor Version Tinstall Tcheck Ttotal Status Flags
r-devel-linux-x86_64-debian-gcc 1.0 3.26 15.85 19.11 NOTE
r-devel-linux-x86_64-fedora-clang 1.0 33.29 NOTE
r-devel-linux-x86_64-fedora-gcc 1.0 30.24 NOTE
r-devel-osx-x86_64-clang 1.0 30.67 NOTE
r-devel-windows-ix86+x86_64 1.0 21.00 51.00 72.00 NOTE
r-patched-linux-x86_64 1.0 3.25 16.45 19.71 NOTE
r-patched-solaris-sparc 1.0 207.90 NOTE
r-patched-solaris-x86 1.0 44.60 NOTE
r-release-linux-x86_64 1.0 3.34 16.89 20.22 NOTE
r-release-osx-x86_64-mavericks 1.0 NOTE
r-release-windows-ix86+x86_64 1.0 15.00 38.00 53.00 NOTE
r-oldrel-windows-ix86+x86_64 1.0 18.00 42.00 60.00 NOTE

Check Details

Version: 1.0
Check: foreign function calls
Result: NOTE
    Calls with DUP:
     .C("glmm_ml", as.integer(fam), as.integer(p), as.double(start.coef),
     as.integer(cluster), as.double(weights), as.double(cluster.weights),
     as.double(start.sigma), as.integer(fix.sigma), as.double(X),
     as.double(Y), as.double(offset), as.integer(fam.size), as.integer(n.fam),
     as.integer(method), as.integer(n.points), as.double(control$epsilon),
     as.integer(control$maxit), as.integer(control$trace), as.integer(boot),
     as.integer(prior), as.double(predicted), beta = double(p),
     sigma = double(1), loglik = double(1), variance = double((p +
     1) * (p + 1)), post.mode = double(n.fam), post.mean = double(n.fam),
     mu = double(nobs), bootP = double(1), bootLog = double(boot),
     convergence = integer(1), info = integer(1), DUP = FALSE,
     PACKAGE = "glmmML")
     .C("glmm_boot", as.integer(fam), as.integer(p), as.double(start.coef),
     as.integer(cluster), as.double(weights), as.double(t(X)),
     as.double(Y), as.double(offset), as.integer(famSize), as.integer(nFam),
     as.double(control$epsilon), as.integer(control$maxit), as.integer(control$trace),
     as.integer(boot), beta = double(p), predicted = as.double(predicted),
     fitted = double(length(Y)), loglik = double(1), variance = double(p *
     p), info = integer(1), frail = double(nFam), bootP = double(1),
     bootLog = double(boot), convergence = integer(1), DUP = FALSE,
     PACKAGE = "glmmML")
     .C("glmm_boot0", as.integer(fam), as.integer(cluster), as.double(weights),
     as.double(Y), as.double(offset), as.integer(famSize), as.integer(nFam),
     as.integer(control$trace), as.integer(boot), predicted = as.double(predicted),
     fitted = double(length(Y)), loglik = double(1), frail = double(nFam),
     bootP = double(1), bootLog = double(boot), convergence = integer(1),
     DUP = FALSE, PACKAGE = "glmmML")
    DUP is no longer supported and will be ignored.
Flavors: r-devel-linux-x86_64-debian-gcc, r-devel-linux-x86_64-fedora-clang, r-devel-linux-x86_64-fedora-gcc, r-devel-osx-x86_64-clang, r-devel-windows-ix86+x86_64, r-patched-linux-x86_64, r-patched-solaris-sparc, r-patched-solaris-x86, r-release-linux-x86_64, r-release-osx-x86_64-mavericks, r-release-windows-ix86+x86_64

Version: 1.0
Check: foreign function calls
Result: NOTE
    Calls with DUP != TRUE:
     .C("glmm_ml", as.integer(fam), as.integer(p), as.double(start.coef),
     as.integer(cluster), as.double(weights), as.double(cluster.weights),
     as.double(start.sigma), as.integer(fix.sigma), as.double(X),
     as.double(Y), as.double(offset), as.integer(fam.size), as.integer(n.fam),
     as.integer(method), as.integer(n.points), as.double(control$epsilon),
     as.integer(control$maxit), as.integer(control$trace), as.integer(boot),
     as.integer(prior), as.double(predicted), beta = double(p),
     sigma = double(1), loglik = double(1), variance = double((p +
     1) * (p + 1)), post.mode = double(n.fam), post.mean = double(n.fam),
     mu = double(nobs), bootP = double(1), bootLog = double(boot),
     convergence = integer(1), info = integer(1), DUP = FALSE,
     PACKAGE = "glmmML")
     .C("glmm_boot", as.integer(fam), as.integer(p), as.double(start.coef),
     as.integer(cluster), as.double(weights), as.double(t(X)),
     as.double(Y), as.double(offset), as.integer(famSize), as.integer(nFam),
     as.double(control$epsilon), as.integer(control$maxit), as.integer(control$trace),
     as.integer(boot), beta = double(p), predicted = as.double(predicted),
     fitted = double(length(Y)), loglik = double(1), variance = double(p *
     p), info = integer(1), frail = double(nFam), bootP = double(1),
     bootLog = double(boot), convergence = integer(1), DUP = FALSE,
     PACKAGE = "glmmML")
     .C("glmm_boot0", as.integer(fam), as.integer(cluster), as.double(weights),
     as.double(Y), as.double(offset), as.integer(famSize), as.integer(nFam),
     as.integer(control$trace), as.integer(boot), predicted = as.double(predicted),
     fitted = double(length(Y)), loglik = double(1), frail = double(nFam),
     bootP = double(1), bootLog = double(boot), convergence = integer(1),
     DUP = FALSE, PACKAGE = "glmmML")
    DUP = FALSE is deprecated and will be disabled in future versions of R.
Flavor: r-oldrel-windows-ix86+x86_64