Last updated on 2016-03-07 23:47:26.
Flavor | Version | Tinstall | Tcheck | Ttotal | Status | Flags |
---|---|---|---|---|---|---|
r-devel-linux-x86_64-debian-gcc | 1.3 | 46.62 | 52.46 | 99.08 | NOTE | |
r-devel-linux-x86_64-fedora-clang | 1.3 | 216.15 | NOTE | |||
r-devel-linux-x86_64-fedora-gcc | 1.3 | 199.93 | NOTE | |||
r-devel-osx-x86_64-clang | 1.3 | 187.50 | NOTE | |||
r-devel-windows-ix86+x86_64 | 1.3 | 92.00 | 112.00 | 204.00 | OK | |
r-patched-linux-x86_64 | 1.3 | 46.90 | 60.24 | 107.14 | NOTE | |
r-patched-solaris-sparc | 1.3 | 1038.90 | NOTE | --no-build-vignettes | ||
r-patched-solaris-x86 | 1.3 | 272.10 | NOTE | |||
r-release-linux-x86_64 | 1.3 | 46.10 | 59.18 | 105.28 | NOTE | |
r-release-osx-x86_64-mavericks | 1.3 | NOTE | ||||
r-release-windows-ix86+x86_64 | 1.3 | 111.00 | 154.00 | 265.00 | NOTE | |
r-oldrel-windows-ix86+x86_64 | 1.3 | 93.00 | 164.00 | 257.00 | NOTE |
Version: 1.3
Check: installed package size
Result: NOTE
installed size is 6.1Mb
sub-directories of 1Mb or more:
libs 3.6Mb
Flavors: r-devel-linux-x86_64-debian-gcc, r-devel-linux-x86_64-fedora-clang, r-devel-linux-x86_64-fedora-gcc, r-patched-linux-x86_64, r-release-linux-x86_64, r-release-osx-x86_64-mavericks
Version: 1.3
Check: data for non-ASCII characters
Result: NOTE
Note: found 14 marked Latin-1 strings
Note: found 39 marked UTF-8 strings
Flavors: r-devel-linux-x86_64-fedora-clang, r-devel-linux-x86_64-fedora-gcc, r-devel-osx-x86_64-clang, r-patched-linux-x86_64, r-patched-solaris-x86, r-release-linux-x86_64, r-release-osx-x86_64-mavericks, r-release-windows-ix86+x86_64, r-oldrel-windows-ix86+x86_64
Version: 1.3
Flags: --no-build-vignettes
Check: package dependencies
Result: NOTE
Package suggested but not available for checking: ‘microbenchmark’
Flavor: r-patched-solaris-sparc
Version: 1.3
Flags: --no-build-vignettes
Check: data for non-ASCII characters
Result: NOTE
Note: found 14 marked Latin-1 strings
Note: found 39 marked UTF-8 strings
Flavor: r-patched-solaris-sparc
Version: 1.3
Check: package dependencies
Result: NOTE
Package suggested but not available for checking: ‘microbenchmark’
Flavor: r-patched-solaris-x86