Last updated on 2016-03-07 23:47:27.
Flavor | Version | Tinstall | Tcheck | Ttotal | Status | Flags |
---|---|---|---|---|---|---|
r-devel-linux-x86_64-debian-gcc | 2.4.1 | 1.27 | 26.04 | 27.32 | OK | |
r-devel-linux-x86_64-fedora-clang | 2.4.1 | 47.69 | OK | |||
r-devel-linux-x86_64-fedora-gcc | 2.4.1 | 45.04 | OK | |||
r-devel-osx-x86_64-clang | 2.4.1 | 45.59 | OK | |||
r-devel-windows-ix86+x86_64 | 2.4.1 | 6.00 | 47.00 | 53.00 | OK | |
r-patched-linux-x86_64 | 2.4.1 | 1.51 | 28.04 | 29.56 | OK | |
r-patched-solaris-sparc | 2.4.1 | 263.60 | OK | |||
r-patched-solaris-x86 | 2.4.1 | 65.80 | OK | |||
r-release-linux-x86_64 | 2.4.1 | 1.43 | 28.24 | 29.67 | OK | |
r-release-osx-x86_64-mavericks | 2.4.1 | OK | ||||
r-release-windows-ix86+x86_64 | 2.4.1 | 6.00 | 71.00 | 77.00 | OK | |
r-oldrel-windows-ix86+x86_64 | 2.4.1 | 11.00 | 56.00 | 67.00 | NOTE |
Version: 2.4.1
Check: R code for possible problems
Result: NOTE
exportPartition: no visible global function definition for 'parTRAJ'
exportPartition: no visible global function definition for 'parMEAN'
Flavor: r-oldrel-windows-ix86+x86_64