CRAN Package Check Results for Package lfl

Last updated on 2016-03-07 23:47:28.

Flavor Version Tinstall Tcheck Ttotal Status Flags
r-devel-linux-x86_64-debian-gcc 1.2 19.91 44.23 64.13 NOTE
r-devel-linux-x86_64-fedora-clang 1.2 130.02 NOTE
r-devel-linux-x86_64-fedora-gcc 1.2 125.34 NOTE
r-devel-osx-x86_64-clang 1.2 124.89 NOTE
r-devel-windows-ix86+x86_64 1.2 79.00 153.00 232.00 NOTE
r-patched-linux-x86_64 1.2 20.89 46.85 67.74 OK
r-patched-solaris-sparc 1.2 819.90 OK
r-patched-solaris-x86 1.2 153.40 OK
r-release-linux-x86_64 1.2 20.33 47.36 67.69 OK
r-release-osx-x86_64-mavericks 1.2 OK
r-release-windows-ix86+x86_64 1.2 73.00 161.00 234.00 NOTE
r-oldrel-windows-ix86+x86_64 1.2 78.00 186.00 264.00 NOTE

Check Details

Version: 1.2
Check: R code for possible problems
Result: NOTE
    .computeFrequency: no visible global function definition for
     ‘frequency’
    .computeSeasonStrength: no visible global function definition for
     ‘frequency’
    .computeSeasonStrength: no visible global function definition for ‘lm’
    .computeSeasonStrength: no visible global function definition for
     ‘as.formula’
    .computeTrendStrength: no visible global function definition for ‘lm’
    .computeVarcoef: no visible global function definition for ‘sd’
    fcut.default: no visible global function definition for ‘model.matrix’
    frbe: no visible global function definition for ‘is.ts’
    plot.fsets: no visible binding for global variable ‘ts’
    Undefined global functions or variables:
     as.formula frequency is.ts lm model.matrix sd ts
    Consider adding
     importFrom("stats", "as.formula", "frequency", "is.ts", "lm",
     "model.matrix", "sd", "ts")
    to your NAMESPACE file.
Flavors: r-devel-linux-x86_64-debian-gcc, r-devel-linux-x86_64-fedora-clang, r-devel-linux-x86_64-fedora-gcc, r-devel-osx-x86_64-clang, r-devel-windows-ix86+x86_64

Version: 1.2
Check: package dependencies
Result: NOTE
    Package suggested but not available for checking: 'doMC'
Flavors: r-devel-windows-ix86+x86_64, r-release-windows-ix86+x86_64, r-oldrel-windows-ix86+x86_64

Version: 1.2
Check: Rd cross-references
Result: NOTE
    Package unavailable to check Rd xrefs: 'doMC'
Flavors: r-devel-windows-ix86+x86_64, r-release-windows-ix86+x86_64, r-oldrel-windows-ix86+x86_64