Last updated on 2016-03-07 23:47:28.
Flavor | Version | Tinstall | Tcheck | Ttotal | Status | Flags |
---|---|---|---|---|---|---|
r-devel-linux-x86_64-debian-gcc | 1.5-9.1 | 11.48 | 20.02 | 31.50 | NOTE | |
r-devel-linux-x86_64-fedora-clang | 1.5-9.1 | 56.94 | NOTE | |||
r-devel-linux-x86_64-fedora-gcc | 1.5-9.1 | 50.93 | NOTE | |||
r-devel-osx-x86_64-clang | 1.5-9.1 | 54.83 | NOTE | |||
r-devel-windows-ix86+x86_64 | 1.5-9.1 | 138.00 | 47.00 | 185.00 | NOTE | |
r-patched-linux-x86_64 | 1.5-9.1 | 11.77 | 20.29 | 32.06 | NOTE | |
r-patched-solaris-sparc | 1.5-9.1 | 309.30 | NOTE | |||
r-patched-solaris-x86 | 1.5-9.1 | 71.20 | NOTE | |||
r-release-linux-x86_64 | 1.5-9.1 | 11.69 | 20.87 | 32.56 | NOTE | |
r-release-osx-x86_64-mavericks | 1.5-9.1 | NOTE | ||||
r-release-windows-ix86+x86_64 | 1.5-9.1 | 137.00 | 64.00 | 201.00 | NOTE | |
r-oldrel-windows-ix86+x86_64 | 1.5-9.1 | 88.00 | 104.00 | 192.00 | NOTE |
Version: 1.5-9.1
Check: DESCRIPTION meta-information
Result: NOTE
Malformed Title field: should not end in a period.
Flavors: r-devel-linux-x86_64-debian-gcc, r-devel-linux-x86_64-fedora-clang, r-devel-linux-x86_64-fedora-gcc, r-devel-osx-x86_64-clang, r-devel-windows-ix86+x86_64, r-patched-linux-x86_64, r-patched-solaris-sparc, r-patched-solaris-x86, r-release-linux-x86_64, r-release-osx-x86_64-mavericks, r-release-windows-ix86+x86_64
Version: 1.5-9.1
Check: dependencies in R code
Result: NOTE
'library' or 'require' call to ‘akima’ in package code.
Please use :: or requireNamespace() instead.
See section 'Suggested packages' in the 'Writing R Extensions' manual.
Missing or unexported objects:
‘lattice::render.3d.trellis’ ‘lattice::render.contour.trellis’
Flavors: r-devel-linux-x86_64-debian-gcc, r-devel-linux-x86_64-fedora-clang, r-devel-linux-x86_64-fedora-gcc, r-devel-osx-x86_64-clang, r-devel-windows-ix86+x86_64, r-patched-linux-x86_64, r-patched-solaris-sparc, r-patched-solaris-x86, r-release-linux-x86_64, r-release-osx-x86_64-mavericks, r-release-windows-ix86+x86_64, r-oldrel-windows-ix86+x86_64
Version: 1.5-9.1
Check: R code for possible problems
Result: NOTE
gam.lf: no visible global function definition for ‘predict’
kdeb: no visible global function definition for ‘var’
lfbas: no visible global function definition for ‘basis’
lines.locfit: no visible global function definition for ‘predict’
lines.locfit: no visible global function definition for ‘lines’
llines.locfit: no visible global function definition for ‘predict’
locfit: no visible global function definition for ‘terms’
locfit: no visible global function definition for ‘model.extract’
locfit.censor: no visible global function definition for ‘dnorm’
locfit.censor: no visible global function definition for ‘pnorm’
locfit.matrix: no visible global function definition for ‘terms’
locfit.matrix: no visible global function definition for ‘as.formula’
locfit.matrix: no visible global function definition for
‘model.extract’
locfit.matrix: no visible binding for global variable ‘weights’
locfit.robust: no visible global function definition for ‘median’
panel.locfit: no visible global function definition for ‘predict’
panel.xyplot.lf: no visible global function definition for ‘rug’
plot.eval: no visible global function definition for ‘segments’
plot.lfeval: no visible global function definition for ‘text’
plot.locfit.1d: no visible global function definition for ‘lines’
plot.locfit.1d: no visible global function definition for ‘rug’
plot.locfit.2d: no visible global function definition for ‘contour’
plot.locfit.2d: no visible global function definition for ‘image’
plot.locfit.2d: no visible global function definition for ‘persp’
plot.locfit.2d: no visible global function definition for ‘title’
plot.scb.1d: no visible global function definition for ‘lines’
plot.scb.1d: no visible global function definition for ‘abline’
plot.scb.2d : plot.tl: no visible global function definition for ‘par’
plot.scb.2d : plot.tl: no visible global function definition for
‘polygon’
plot.scb.2d : plot.tl: no visible global function definition for ‘axis’
plotbyfactor: no visible global function definition for ‘legend’
preplot.locfit: no visible global function definition for ‘model.frame’
preplot.locfit: no visible global function definition for
‘delete.response’
sjpi : dnorms: no visible global function definition for ‘dnorm’
smooth.lf: no visible global function definition for ‘predict’
Undefined global functions or variables:
abline as.formula axis basis contour delete.response dnorm image
legend lines median model.extract model.frame par persp pnorm polygon
predict rug segments terms text title var weights
Consider adding
importFrom("graphics", "abline", "axis", "contour", "image", "legend",
"lines", "par", "persp", "polygon", "rug", "segments",
"text", "title")
importFrom("stats", "as.formula", "delete.response", "dnorm", "median",
"model.extract", "model.frame", "pnorm", "predict", "terms",
"var", "weights")
to your NAMESPACE file.
Flavors: r-devel-linux-x86_64-debian-gcc, r-devel-linux-x86_64-fedora-clang, r-devel-linux-x86_64-fedora-gcc, r-devel-osx-x86_64-clang, r-devel-windows-ix86+x86_64
Version: 1.5-9.1
Check: R code for possible problems
Result: NOTE
lfbas: no visible global function definition for ‘basis’
Flavors: r-patched-linux-x86_64, r-patched-solaris-sparc, r-patched-solaris-x86, r-release-linux-x86_64, r-release-osx-x86_64-mavericks, r-release-windows-ix86+x86_64, r-oldrel-windows-ix86+x86_64