CRAN Package Check Results for Package lomb

Last updated on 2016-03-07 23:47:28.

Flavor Version Tinstall Tcheck Ttotal Status Flags
r-devel-linux-x86_64-debian-gcc 1.0 0.51 12.17 12.68 NOTE
r-devel-linux-x86_64-fedora-clang 1.0 21.84 NOTE
r-devel-linux-x86_64-fedora-gcc 1.0 20.28 NOTE
r-devel-osx-x86_64-clang 1.0 23.85 NOTE
r-devel-windows-ix86+x86_64 1.0 3.00 28.00 31.00 NOTE
r-patched-linux-x86_64 1.0 0.60 13.07 13.67 NOTE
r-patched-solaris-sparc 1.0 146.50 NOTE
r-patched-solaris-x86 1.0 34.50 NOTE
r-release-linux-x86_64 1.0 0.56 13.05 13.61 NOTE
r-release-osx-x86_64-mavericks 1.0 OK
r-release-windows-ix86+x86_64 1.0 2.00 21.00 23.00 OK
r-oldrel-windows-ix86+x86_64 1.0 4.00 21.00 25.00 OK

Check Details

Version: 1.0
Check: S3 generic/method consistency
Result: NOTE
    Found the following apparent S3 methods exported but not registered:
     plot.lsp summary.lsp summary.randlsp
    See section ‘Registering S3 methods’ in the ‘Writing R Extensions’
    manual.
Flavors: r-devel-linux-x86_64-debian-gcc, r-devel-linux-x86_64-fedora-clang, r-devel-linux-x86_64-fedora-gcc, r-devel-osx-x86_64-clang, r-patched-linux-x86_64, r-patched-solaris-sparc, r-patched-solaris-x86, r-release-linux-x86_64

Version: 1.0
Check: R code for possible problems
Result: NOTE
    lsp: no visible global function definition for ‘var’
    plot.lsp: no visible global function definition for ‘plot’
    plot.lsp: no visible global function definition for ‘lines’
    plot.lsp: no visible global function definition for ‘abline’
    randlsp: no visible global function definition for ‘is.ts’
    randlsp: no visible global function definition for ‘par’
    randlsp: no visible global function definition for ‘hist’
    randlsp: no visible global function definition for ‘abline’
    Undefined global functions or variables:
     abline hist is.ts lines par plot var
    Consider adding
     importFrom("graphics", "abline", "hist", "lines", "par", "plot")
     importFrom("stats", "is.ts", "var")
    to your NAMESPACE file.
Flavors: r-devel-linux-x86_64-debian-gcc, r-devel-linux-x86_64-fedora-clang, r-devel-linux-x86_64-fedora-gcc, r-devel-osx-x86_64-clang, r-devel-windows-ix86+x86_64