Last updated on 2016-03-07 23:47:28.
Flavor | Version | Tinstall | Tcheck | Ttotal | Status | Flags |
---|---|---|---|---|---|---|
r-devel-linux-x86_64-debian-gcc | 1.5 | 0.78 | 10.37 | 11.15 | OK | |
r-devel-linux-x86_64-fedora-clang | 1.5 | 19.08 | OK | |||
r-devel-linux-x86_64-fedora-gcc | 1.5 | 17.78 | OK | |||
r-devel-osx-x86_64-clang | 1.5 | 22.76 | OK | |||
r-devel-windows-ix86+x86_64 | 1.5 | 7.00 | 25.00 | 32.00 | OK | |
r-patched-linux-x86_64 | 1.5 | 0.94 | 11.78 | 12.72 | OK | |
r-patched-solaris-sparc | 1.5 | 129.80 | OK | |||
r-patched-solaris-x86 | 1.5 | 31.60 | OK | |||
r-release-linux-x86_64 | 1.5 | 0.85 | 11.66 | 12.51 | OK | |
r-release-osx-x86_64-mavericks | 1.5 | OK | ||||
r-release-windows-ix86+x86_64 | 1.5 | 8.00 | 33.00 | 41.00 | WARN | |
r-oldrel-windows-ix86+x86_64 | 1.5 | 7.00 | 35.00 | 42.00 | OK |
Version: 1.5
Check: whether package can be installed
Result: WARN
Found the following significant warnings:
Warning: invalid or incomplete compressed data
Flavor: r-release-windows-ix86+x86_64