Last updated on 2016-03-07 23:47:28.
Flavor | Version | Tinstall | Tcheck | Ttotal | Status | Flags |
---|---|---|---|---|---|---|
r-devel-linux-x86_64-debian-gcc | 0.2-1 | 26.99 | 100.36 | 127.35 | NOTE | |
r-devel-linux-x86_64-fedora-clang | 0.2-1 | 279.22 | OK | |||
r-devel-linux-x86_64-fedora-gcc | 0.2-1 | 248.05 | NOTE | |||
r-devel-osx-x86_64-clang | 0.2-1 | 261.31 | OK | |||
r-devel-windows-ix86+x86_64 | 0.2-1 | 109.00 | 206.00 | 315.00 | OK | |
r-patched-linux-x86_64 | 0.2-1 | 28.06 | 100.55 | 128.61 | NOTE | |
r-patched-solaris-sparc | 0.2-1 | 1367.90 | OK | |||
r-patched-solaris-x86 | 0.2-1 | 244.90 | OK | |||
r-release-linux-x86_64 | 0.2-1 | 26.97 | 105.15 | 132.12 | NOTE | |
r-release-osx-x86_64-mavericks | 0.2-1 | OK | ||||
r-release-windows-ix86+x86_64 | 0.2-1 | 115.00 | 242.00 | 357.00 | OK | |
r-oldrel-windows-ix86+x86_64 | 0.2-1 | 97.00 | 273.00 | 370.00 | OK |
Version: 0.2-1
Check: installed package size
Result: NOTE
installed size is 5.4Mb
sub-directories of 1Mb or more:
libs 4.3Mb
Flavors: r-devel-linux-x86_64-debian-gcc, r-devel-linux-x86_64-fedora-gcc, r-patched-linux-x86_64, r-release-linux-x86_64