Last updated on 2016-03-07 23:47:28.
Flavor | Version | Tinstall | Tcheck | Ttotal | Status | Flags |
---|---|---|---|---|---|---|
r-devel-linux-x86_64-debian-gcc | 0.50.1 | 94.58 | 68.56 | 163.14 | NOTE | |
r-devel-linux-x86_64-fedora-clang | 0.50.1 | 331.03 | NOTE | |||
r-devel-linux-x86_64-fedora-gcc | 0.50.1 | 290.78 | NOTE | |||
r-devel-osx-x86_64-clang | 0.50.1 | 236.86 | OK | |||
r-devel-windows-ix86+x86_64 | 0.50.1 | 369.00 | 202.00 | 571.00 | NOTE | |
r-patched-linux-x86_64 | 0.50.1 | 96.13 | 71.85 | 167.98 | NOTE | |
r-patched-solaris-sparc | 0.50.1 | 1680.80 | NOTE | |||
r-patched-solaris-x86 | 0.50.1 | 828.00 | NOTE | |||
r-release-linux-x86_64 | 0.50.1 | 95.80 | 73.59 | 169.39 | NOTE | |
r-release-osx-x86_64-mavericks | 0.50.1 | NOTE | ||||
r-release-windows-ix86+x86_64 | 0.50.1 | 366.00 | 270.00 | 636.00 | NOTE | |
r-oldrel-windows-ix86+x86_64 | 0.50.1 | 318.00 | 301.00 | 619.00 | NOTE |
Version: 0.50.1
Check: installed package size
Result: NOTE
installed size is 9.9Mb
sub-directories of 1Mb or more:
libs 9.2Mb
Flavors: r-devel-linux-x86_64-debian-gcc, r-devel-linux-x86_64-fedora-clang, r-devel-linux-x86_64-fedora-gcc, r-devel-windows-ix86+x86_64, r-patched-linux-x86_64, r-patched-solaris-x86, r-release-linux-x86_64, r-release-osx-x86_64-mavericks, r-release-windows-ix86+x86_64, r-oldrel-windows-ix86+x86_64
Version: 0.50.1
Check: package dependencies
Result: NOTE
Package suggested but not available for checking: ‘microbenchmark’
Flavors: r-patched-solaris-sparc, r-patched-solaris-x86