CRAN Package Check Results for Package mclust

Last updated on 2016-03-07 23:47:29.

Flavor Version Tinstall Tcheck Ttotal Status Flags
r-devel-linux-x86_64-debian-gcc 5.1 22.52 145.63 168.16 NOTE
r-devel-linux-x86_64-fedora-clang 5.1 311.69 OK
r-devel-linux-x86_64-fedora-gcc 5.1 300.32 OK
r-devel-osx-x86_64-clang 5.1 298.84 OK
r-devel-windows-ix86+x86_64 5.1 72.00 341.00 413.00 NOTE
r-patched-linux-x86_64 5.1 22.23 149.97 172.20 NOTE
r-patched-solaris-sparc 5.1 2216.70 OK
r-patched-solaris-x86 5.1 419.00 NOTE
r-release-linux-x86_64 5.1 22.23 148.04 170.27 NOTE
r-release-osx-x86_64-mavericks 5.1 OK
r-release-windows-ix86+x86_64 5.1 75.00 402.00 477.00 NOTE
r-oldrel-windows-ix86+x86_64 5.1 67.00 426.00 493.00 NOTE

Check Details

Version: 5.1
Check: installed package size
Result: NOTE
     installed size is 5.4Mb
     sub-directories of 1Mb or more:
     doc 2.8Mb
     libs 1.3Mb
Flavors: r-devel-linux-x86_64-debian-gcc, r-devel-windows-ix86+x86_64, r-patched-linux-x86_64, r-patched-solaris-x86, r-release-linux-x86_64, r-release-windows-ix86+x86_64, r-oldrel-windows-ix86+x86_64