Last updated on 2016-03-07 23:47:29.
Flavor | Version | Tinstall | Tcheck | Ttotal | Status | Flags |
---|---|---|---|---|---|---|
r-devel-linux-x86_64-debian-gcc | 0.2.0 | 4.34 | 273.35 | 277.69 | OK | |
r-devel-linux-x86_64-fedora-clang | 0.2.0 | 530.41 | OK | |||
r-devel-linux-x86_64-fedora-gcc | 0.2.0 | 519.71 | OK | |||
r-devel-osx-x86_64-clang | 0.2.0 | 513.94 | OK | |||
r-devel-windows-ix86+x86_64 | 0.2.0 | 22.00 | 403.00 | 425.00 | OK | |
r-patched-linux-x86_64 | 0.2.0 | 5.03 | 283.08 | 288.11 | OK | |
r-patched-solaris-sparc | 0.2.0 | 3607.90 | OK | |||
r-patched-solaris-x86 | 0.2.0 | 662.70 | OK | |||
r-release-linux-x86_64 | 0.2.0 | 4.91 | 281.71 | 286.62 | OK | |
r-release-osx-x86_64-mavericks | 0.2.0 | OK | ||||
r-release-windows-ix86+x86_64 | 0.2.0 | 21.00 | 523.00 | 544.00 | OK | |
r-oldrel-windows-ix86+x86_64 | 0.2.0 | 39.00 | 192.00 | 231.00 | ERROR |
Version: 0.2.0
Check: examples
Result: ERROR
Running examples in 'merTools-Ex.R' failed
The error most likely occurred in:
> ### Name: REimpact
> ### Title: Calculate the weighted mean of fitted values for various levels
> ### of random effect terms.
> ### Aliases: REimpact
>
> ### ** Examples
>
> #For a one-level random intercept model
> require(lme4)
> m1 <- lmer(Reaction ~ Days + (1 | Subject), sleepstudy)
> (m1.er <- REimpact(m1, newdata = sleepstudy[1, ], breaks = 2))
Error in as.numeric(data[i, 1:colIdx]) %*% coefs[lvl, 1:colIdx, ] :
non-conformable arguments
Calls: REimpact -> cbind -> predictInterval -> tmp.pred
Execution halted
Flavor: r-oldrel-windows-ix86+x86_64