CRAN Package Check Results for Package mistat

Last updated on 2016-03-07 23:47:29.

Flavor Version Tinstall Tcheck Ttotal Status Flags
r-devel-linux-x86_64-debian-gcc 1.0-3 1.06 27.04 28.10 NOTE
r-devel-linux-x86_64-fedora-clang 1.0-3 54.36 NOTE
r-devel-linux-x86_64-fedora-gcc 1.0-3 52.00 NOTE
r-devel-osx-x86_64-clang 1.0-3 58.85 NOTE
r-devel-windows-ix86+x86_64 1.0-3 13.00 53.00 66.00 NOTE
r-patched-linux-x86_64 1.0-3 1.16 27.90 29.06 OK
r-patched-solaris-sparc 1.0-3 359.30 OK
r-patched-solaris-x86 1.0-3 68.60 OK
r-release-linux-x86_64 1.0-3 1.14 27.99 29.14 OK
r-release-osx-x86_64-mavericks 1.0-3 OK
r-release-windows-ix86+x86_64 1.0-3 12.00 61.00 73.00 OK
r-oldrel-windows-ix86+x86_64 1.0-3 10.00 58.00 68.00 OK

Check Details

Version: 1.0-3
Check: R code for possible problems
Result: NOTE
    .runifs: no visible global function definition for ‘runif’
    .simulationGroup: no visible global function definition for ‘aggregate’
    cusumArl: no visible binding for global variable ‘rnorm’
    cusumPfaCedBinom: no visible global function definition for ‘rbinom’
    cusumPfaCedBinom: no visible global function definition for ‘rnorm’
    cusumPfaCedNorm: no visible global function definition for ‘rnorm’
    cusumPfaCedPois: no visible global function definition for ‘rpois’
    cusumPfaCedPois: no visible global function definition for ‘rnorm’
    mahalanobisT2: no visible global function definition for ‘aggregate’
    mahalanobisT2: no visible binding for global variable ‘cov’
    mahalanobisT2: no visible global function definition for ‘qf’
    mahalanobisT2: no visible global function definition for ‘lm’
    mahalanobisT2 : temp: no visible global function definition for
     ‘predict’
    mahalanobisT2: no visible global function definition for ‘optim’
    mahalanobisT2: no visible global function definition for ‘predict’
    mahalanobisT2: no visible global function definition for ‘par’
    mahalanobisT2: no visible global function definition for ‘layout’
    mahalanobisT2: no visible global function definition for ‘lines’
    mahalanobisT2: no visible global function definition for ‘points’
    mahalanobisT2: no visible global function definition for ‘grid’
    mahalanobisT2: no visible global function definition for ‘axis’
    mahalanobisT2: no visible global function definition for ‘rect’
    mahalanobisT2: no visible global function definition for ‘text’
    pistonSimulation: no visible global function definition for ‘rnorm’
    powerCircuitSimulation: no visible global function definition for
     ‘rnorm’
    randomizationTest: no visible binding for global variable ‘na.omit’
    randomizationTest: no visible global function definition for ‘stack’
    shroArlPfaCedNorm: no visible global function definition for ‘rnorm’
    shroArlPfaCedPois: no visible global function definition for ‘rpois’
    shroArlPfaCedPois: no visible global function definition for ‘rnorm’
    Undefined global functions or variables:
     aggregate axis cov grid layout lines lm na.omit optim par points
     predict qf rbinom rect rnorm rpois runif stack text
    Consider adding
     importFrom("graphics", "axis", "grid", "layout", "lines", "par",
     "points", "rect", "text")
     importFrom("stats", "aggregate", "cov", "lm", "na.omit", "optim",
     "predict", "qf", "rbinom", "rnorm", "rpois", "runif")
     importFrom("utils", "stack")
    to your NAMESPACE file.
Flavors: r-devel-linux-x86_64-debian-gcc, r-devel-linux-x86_64-fedora-clang, r-devel-linux-x86_64-fedora-gcc, r-devel-osx-x86_64-clang, r-devel-windows-ix86+x86_64