CRAN Package Check Results for Package mixedMem

Last updated on 2016-03-07 23:47:29.

Flavor Version Tinstall Tcheck Ttotal Status Flags
r-devel-linux-x86_64-debian-gcc 1.1.0 71.97 33.90 105.86 NOTE
r-devel-linux-x86_64-fedora-clang 1.1.0 235.20 NOTE
r-devel-linux-x86_64-fedora-gcc 1.1.0 220.27 NOTE
r-devel-osx-x86_64-clang 1.1.0 198.36 NOTE
r-devel-windows-ix86+x86_64 1.1.0 340.00 102.00 442.00 NOTE
r-patched-linux-x86_64 1.1.0 72.71 35.56 108.26 NOTE
r-patched-solaris-sparc 1.1.0 1952.90 NOTE
r-patched-solaris-x86 1.1.0 230.40 NOTE
r-release-linux-x86_64 1.1.0 71.11 35.97 107.08 NOTE
r-release-osx-x86_64-mavericks 1.1.0 OK
r-release-windows-ix86+x86_64 1.1.0 440.00 120.00 560.00 NOTE
r-oldrel-windows-ix86+x86_64 1.1.0 318.00 123.00 441.00 OK

Check Details

Version: 1.1.0
Check: installed package size
Result: NOTE
     installed size is 7.4Mb
     sub-directories of 1Mb or more:
     libs 6.9Mb
Flavors: r-devel-linux-x86_64-debian-gcc, r-devel-linux-x86_64-fedora-clang, r-devel-linux-x86_64-fedora-gcc, r-patched-linux-x86_64, r-release-linux-x86_64

Version: 1.1.0
Check: files in ‘vignettes’
Result: NOTE
    The following directory looks like a leftover from 'knitr':
     ‘figure’
    Please remove from your package.
Flavors: r-devel-linux-x86_64-debian-gcc, r-devel-linux-x86_64-fedora-clang, r-devel-linux-x86_64-fedora-gcc, r-devel-osx-x86_64-clang, r-devel-windows-ix86+x86_64, r-patched-linux-x86_64, r-patched-solaris-sparc, r-patched-solaris-x86, r-release-linux-x86_64, r-release-windows-ix86+x86_64