Last updated on 2016-03-07 23:47:30.
Flavor | Version | Tinstall | Tcheck | Ttotal | Status | Flags |
---|---|---|---|---|---|---|
r-devel-linux-x86_64-debian-gcc | 0.1 | 0.86 | 18.90 | 19.76 | NOTE | |
r-devel-linux-x86_64-fedora-clang | 0.1 | 36.32 | NOTE | |||
r-devel-linux-x86_64-fedora-gcc | 0.1 | 33.48 | NOTE | |||
r-devel-osx-x86_64-clang | 0.1 | 39.79 | NOTE | |||
r-devel-windows-ix86+x86_64 | 0.1 | 5.00 | 39.00 | 44.00 | NOTE | |
r-patched-linux-x86_64 | 0.1 | 0.88 | 19.94 | 20.81 | OK | |
r-patched-solaris-sparc | 0.1 | 225.60 | OK | |||
r-patched-solaris-x86 | 0.1 | 46.00 | OK | |||
r-release-linux-x86_64 | 0.1 | 0.85 | 20.89 | 21.74 | OK | |
r-release-osx-x86_64-mavericks | 0.1 | OK | ||||
r-release-windows-ix86+x86_64 | 0.1 | 8.00 | 40.00 | 48.00 | OK | |
r-oldrel-windows-ix86+x86_64 | 0.1 | 5.00 | 43.00 | 48.00 | OK |
Version: 0.1
Check: R code for possible problems
Result: NOTE
contrandz: no visible global function definition for ‘runif’
dfupdatefun: no visible global function definition for ‘uniroot’
kmeansz: no visible global function definition for ‘kmeans’
plot.mmtfa: no visible global function definition for ‘rainbow’
plot.mmtfa: no visible global function definition for ‘par’
plot.mmtfa: no visible global function definition for ‘plot’
plot.mmtfa: no visible global function definition for ‘title’
plot.mmtfa: no visible global function definition for ‘contour’
plot.mmtfa: no visible global function definition for ‘rgb’
plot.mmtfa : dunivt: no visible global function definition for
‘mahalanobis’
plot.mmtfa : dunivt: no visible global function definition for ‘dnorm’
plot.mmtfa: no visible global function definition for ‘density’
plot.mmtfa: no visible global function definition for ‘curve’
sginit: no visible global function definition for ‘cov.wt’
sgupdate: no visible global function definition for ‘cov.wt’
winit: no visible global function definition for ‘mahalanobis’
Undefined global functions or variables:
contour cov.wt curve density dnorm kmeans mahalanobis par plot
rainbow rgb runif title uniroot
Consider adding
importFrom("grDevices", "rainbow", "rgb")
importFrom("graphics", "contour", "curve", "par", "plot", "title")
importFrom("stats", "cov.wt", "density", "dnorm", "kmeans",
"mahalanobis", "runif", "uniroot")
to your NAMESPACE file.
Flavors: r-devel-linux-x86_64-debian-gcc, r-devel-linux-x86_64-fedora-clang, r-devel-linux-x86_64-fedora-gcc, r-devel-osx-x86_64-clang, r-devel-windows-ix86+x86_64