CRAN Package Check Results for Package monitoR

Last updated on 2016-03-07 23:47:30.

Flavor Version Tinstall Tcheck Ttotal Status Flags
r-devel-linux-x86_64-debian-gcc 1.0.4 1.99 79.53 81.52 OK
r-devel-linux-x86_64-fedora-clang 1.0.4 160.87 OK
r-devel-linux-x86_64-fedora-gcc 1.0.4 157.02 OK
r-devel-osx-x86_64-clang 1.0.4 159.24 OK
r-devel-windows-ix86+x86_64 1.0.4 13.00 118.00 131.00 OK
r-patched-linux-x86_64 1.0.4 2.26 85.01 87.27 OK
r-patched-solaris-sparc 1.0.4 980.90 OK
r-patched-solaris-x86 1.0.4 201.10 OK
r-release-linux-x86_64 1.0.4 2.07 83.86 85.93 OK
r-release-osx-x86_64-mavericks 1.0.4 NOTE
r-release-windows-ix86+x86_64 1.0.4 11.00 153.00 164.00 OK
r-oldrel-windows-ix86+x86_64 1.0.4 12.00 171.00 183.00 OK

Check Details

Version: 1.0.4
Check: package dependencies
Result: NOTE
    Package suggested but not available for checking: ‘RODBC’
Flavor: r-release-osx-x86_64-mavericks

Version: 1.0.4
Check: Rd cross-references
Result: NOTE
    Packages unavailable to check Rd xrefs: ‘seewave’, ‘RODBC’
Flavor: r-release-osx-x86_64-mavericks