CRAN Package Check Results for Package nonrandom

Last updated on 2016-03-07 23:47:31.

Flavor Version Tinstall Tcheck Ttotal Status Flags
r-devel-linux-x86_64-debian-gcc 1.42 3.51 58.10 61.61 NOTE
r-devel-linux-x86_64-fedora-clang 1.42 123.80 NOTE
r-devel-linux-x86_64-fedora-gcc 1.42 112.84 NOTE
r-devel-osx-x86_64-clang 1.42 134.67 NOTE
r-devel-windows-ix86+x86_64 1.42 13.00 91.00 104.00 WARN
r-patched-linux-x86_64 1.42 3.92 62.12 66.04 NOTE
r-patched-solaris-sparc 1.42 764.70 NOTE
r-patched-solaris-x86 1.42 175.20 NOTE
r-release-linux-x86_64 1.42 3.90 62.21 66.11 NOTE
r-release-osx-x86_64-mavericks 1.42 NOTE
r-release-windows-ix86+x86_64 1.42 13.00 105.00 118.00 NOTE
r-oldrel-windows-ix86+x86_64 1.42 19.00 115.00 134.00 NOTE

Check Details

Version: 1.42
Check: dependencies in R code
Result: NOTE
    'library' or 'require' call to ‘colorspace’ in package code.
     Please use :: or requireNamespace() instead.
     See section 'Suggested packages' in the 'Writing R Extensions' manual.
Flavors: r-devel-linux-x86_64-debian-gcc, r-devel-linux-x86_64-fedora-clang, r-devel-linux-x86_64-fedora-gcc, r-devel-osx-x86_64-clang, r-devel-windows-ix86+x86_64, r-patched-linux-x86_64, r-patched-solaris-sparc, r-patched-solaris-x86, r-release-linux-x86_64, r-release-osx-x86_64-mavericks, r-release-windows-ix86+x86_64, r-oldrel-windows-ix86+x86_64

Version: 1.42
Check: S3 generic/method consistency
Result: NOTE
    Found the following apparent S3 methods exported but not registered:
     plot.pscore plot.stdf
    See section ‘Registering S3 methods’ in the ‘Writing R Extensions’
    manual.
Flavors: r-devel-linux-x86_64-debian-gcc, r-devel-linux-x86_64-fedora-clang, r-devel-linux-x86_64-fedora-gcc, r-devel-osx-x86_64-clang, r-patched-linux-x86_64, r-patched-solaris-sparc, r-patched-solaris-x86, r-release-linux-x86_64

Version: 1.42
Check: R code for possible problems
Result: NOTE
    balance.classical: no visible global function definition for
     ‘chisq.test’
    balance.classical: no visible global function definition for ‘na.omit’
    balance.classical: no visible global function definition for ‘t.test’
    balance.stand.diff: no visible global function definition for
     ‘mahalanobis’
    balance.stand.diff: no visible global function definition for ‘na.omit’
    balance.stand.diff: no visible global function definition for ‘sd’
    dist.plot.bar.plot: no visible global function definition for ‘dev.new’
    dist.plot.bar.plot: no visible global function definition for ‘par’
    dist.plot.bar.plot: no visible global function definition for
     ‘rainbow_hcl’
    dist.plot.bar.plot: no visible global function definition for
     ‘heat.colors’
    dist.plot.bar.plot: no visible global function definition for ‘barplot’
    dist.plot.bar.plot: no visible global function definition for ‘mtext’
    dist.plot.bar.plot: no visible global function definition for ‘legend’
    dist.plot.bar.plot: no visible global function definition for
     ‘split.screen’
    dist.plot.bar.plot: no visible global function definition for ‘screen’
    dist.plot.bar.plot: no visible global function definition for
     ‘close.screen’
    dist.plot.hist : func.breaks: no visible global function definition for
     ‘hist’
    dist.plot.hist : func.counts: no visible global function definition for
     ‘hist’
    dist.plot.hist.plot: no visible global function definition for
     ‘dev.new’
    dist.plot.hist.plot: no visible global function definition for ‘par’
    dist.plot.hist.plot: no visible global function definition for
     ‘rainbow_hcl’
    dist.plot.hist.plot: no visible global function definition for
     ‘heat.colors’
    dist.plot.hist.plot: no visible global function definition for
     ‘barplot’
    dist.plot.hist.plot: no visible global function definition for ‘axis’
    dist.plot.hist.plot: no visible global function definition for ‘legend’
    dist.plot.hist.plot: no visible global function definition for ‘mtext’
    find.factors: no visible global function definition for ‘formula’
    plot.pscore: no visible global function definition for ‘density’
    plot.pscore: no visible global function definition for ‘plot’
    plot.pscore: no visible global function definition for ‘legend’
    plot.stdf: no visible global function definition for ‘rainbow_hcl’
    plot.stdf: no visible global function definition for ‘grey.colors’
    plot.stdf: no visible global function definition for ‘par’
    plot.stdf: no visible global function definition for ‘plot’
    plot.stdf: no visible global function definition for ‘points’
    plot.stdf: no visible global function definition for ‘axis’
    plot.stdf: no visible global function definition for ‘box’
    plot.stdf : <anonymous>: no visible global function definition for
     ‘lines’
    plot.stdf: no visible global function definition for ‘abline’
    plot.stdf: no visible global function definition for ‘legend’
    print.est.data.frame: no visible global function definition for ‘qnorm’
    print.est.matched.data.frame: no visible global function definition for
     ‘qnorm’
    print.est.matched.pscore: no visible global function definition for
     ‘qnorm’
    print.est.stratified.data.frame: no visible global function definition
     for ‘qnorm’
    print.est.stratified.pscore: no visible global function definition for
     ‘qnorm’
    ps.estimate.bin: no visible global function definition for ‘glm’
    ps.estimate.bin: no visible global function definition for ‘vcov’
    ps.estimate.bin: no visible global function definition for
     ‘model.frame’
    ps.estimate.bin: no visible global function definition for ‘formula’
    ps.estimate.data.frame: no visible global function definition for
     ‘formula’
    ps.estimate.data.frame: no visible global function definition for
     ‘model.frame’
    ps.estimate.data.frame: no visible global function definition for
     ‘model.matrix’
    ps.estimate.gauss: no visible global function definition for ‘glm’
    ps.estimate.gauss: no visible global function definition for ‘sd’
    ps.estimate.gauss: no visible global function definition for ‘var’
    ps.estimate.gauss: no visible global function definition for ‘vcov’
    ps.estimate.gauss: no visible global function definition for
     ‘model.frame’
    ps.estimate.gauss: no visible global function definition for ‘formula’
    ps.estimate.matched.data.frame: no visible global function definition
     for ‘formula’
    ps.estimate.matched.data.frame: no visible global function definition
     for ‘model.frame’
    ps.estimate.matched.data.frame: no visible global function definition
     for ‘model.matrix’
    ps.estimate.matched.pscore: no visible global function definition for
     ‘formula’
    ps.estimate.matched.pscore: no visible global function definition for
     ‘model.frame’
    ps.estimate.matched.pscore: no visible global function definition for
     ‘model.matrix’
    ps.estimate.regr: no visible global function definition for ‘glm’
    ps.estimate.regr: no visible global function definition for ‘vcov’
    ps.estimate.regr: no visible global function definition for ‘cov’
    ps.estimate.stratified.data.frame: no visible global function
     definition for ‘formula’
    ps.estimate.stratified.data.frame: no visible global function
     definition for ‘model.frame’
    ps.estimate.stratified.data.frame: no visible global function
     definition for ‘model.matrix’
    ps.estimate.stratified.pscore: no visible global function definition
     for ‘formula’
    ps.estimate.stratified.pscore: no visible global function definition
     for ‘model.frame’
    ps.estimate.stratified.pscore: no visible global function definition
     for ‘model.matrix’
    ps.matchcaliper: no visible global function definition for ‘sd’
    pscore: no visible binding for global variable ‘binomial’
    pscore: no visible binding for global variable ‘na.exclude’
    pscore: no visible global function definition for ‘model.frame’
    pscore: no visible global function definition for ‘glm’
    pscore: no visible global function definition for ‘predict’
    relative.effect: no visible global function definition for
     ‘model.frame’
    relative.effect: no visible global function definition for ‘glm’
    summary.est.data.frame: no visible global function definition for
     ‘qnorm’
    summary.est.matched.data.frame: no visible global function definition
     for ‘qnorm’
    summary.est.matched.pscore: no visible global function definition for
     ‘qnorm’
    summary.est.stratified.data.frame: no visible global function
     definition for ‘qnorm’
    summary.est.stratified.pscore: no visible global function definition
     for ‘qnorm’
    Undefined global functions or variables:
     abline axis barplot binomial box chisq.test close.screen cov density
     dev.new formula glm grey.colors heat.colors hist legend lines
     mahalanobis model.frame model.matrix mtext na.exclude na.omit par
     plot points predict qnorm rainbow_hcl screen sd split.screen t.test
     var vcov
    Consider adding
     importFrom("grDevices", "dev.new", "grey.colors", "heat.colors")
     importFrom("graphics", "abline", "axis", "barplot", "box",
     "close.screen", "hist", "legend", "lines", "mtext", "par",
     "plot", "points", "screen", "split.screen")
     importFrom("stats", "binomial", "chisq.test", "cov", "density",
     "formula", "glm", "mahalanobis", "model.frame",
     "model.matrix", "na.exclude", "na.omit", "predict", "qnorm",
     "sd", "t.test", "var", "vcov")
    to your NAMESPACE file.
Flavors: r-devel-linux-x86_64-debian-gcc, r-devel-linux-x86_64-fedora-clang, r-devel-linux-x86_64-fedora-gcc, r-devel-osx-x86_64-clang, r-devel-windows-ix86+x86_64

Version: 1.42
Check: re-building of vignette outputs
Result: WARN
    Error in re-building vignettes:
     ...
    Warning: running command '"D:\compiler\texmf\miktex\bin\texify.exe" --quiet --pdf "nonrandom.tex" --max-iterations=20 -I "D:/RCompile/recent/R/share/texmf/tex/latex" -I "D:/RCompile/recent/R/share/texmf/bibtex/bst"' had status 1
    Error: running 'texi2dvi' on 'nonrandom.tex' failed
    
    LaTeX errors:
    ! LaTeX Error: File `sfmath.sty' not found.
    
    Type X to quit or <RETURN> to proceed,
    or enter new name. (Default extension: sty)
    
    Execution halted
Flavor: r-devel-windows-ix86+x86_64

Version: 1.42
Check: R code for possible problems
Result: NOTE
    dist.plot.bar.plot: no visible global function definition for
     ‘rainbow_hcl’
    dist.plot.hist.plot: no visible global function definition for
     ‘rainbow_hcl’
    plot.stdf: no visible global function definition for ‘rainbow_hcl’
Flavors: r-patched-linux-x86_64, r-patched-solaris-sparc, r-patched-solaris-x86, r-release-linux-x86_64, r-release-osx-x86_64-mavericks, r-release-windows-ix86+x86_64, r-oldrel-windows-ix86+x86_64

Version: 1.42
Check: re-building of vignette outputs
Result: NOTE
    Error in re-building vignettes:
     ...
    Warning: running command '"D:\compiler\texmf\miktex\bin\texify.exe" --quiet --pdf "nonrandom.tex" --max-iterations=20 -I "D:/RCompile/recent/R-3.2.3p/share/texmf/tex/latex" -I "D:/RCompile/recent/R-3.2.3p/share/texmf/bibtex/bst"' had status 1
    Error: running 'texi2dvi' on 'nonrandom.tex' failed
    
    LaTeX errors:
    ! LaTeX Error: File `sfmath.sty' not found.
    
    Type X to quit or <RETURN> to proceed,
    or enter new name. (Default extension: sty)
    
    Execution halted
Flavor: r-release-windows-ix86+x86_64

Version: 1.42
Check: re-building of vignette outputs
Result: NOTE
    Error in re-building vignettes:
     ...
    (D:\Compiler\texmf\tex\latex\base\t1enc.def))
    (D:\Compiler\texmf\tex\latex\ae\ae.sty
    (D:\Compiler\texmf\tex\latex\base\fontenc.sty
    (D:\Compiler\texmf\tex\latex\base\t1enc.def)
    (D:\Compiler\texmf\tex\latex\ae\t1aer.fd))))
    (D:\Compiler\texmf\tex\latex\psnfss\palatino.sty)
    
    ! LaTeX Error: File `sfmath.sty' not found.
    
    Type X to quit or <RETURN> to proceed,
    or enter new name. (Default extension: sty)
    
    Enter file name:
    ! Emergency stop.
    <read *>
    
    l.16
    
    ! ==> Fatal error occurred, no output PDF file produced!
    Transcript written on nonrandom.log.
    Warning: running command '"pdflatex" -interaction=nonstopmode "nonrandom.tex"' had status 1
    Error in texi2dvi(file = file, pdf = TRUE, clean = clean, quiet = quiet, :
     unable to run 'pdflatex' on 'nonrandom.tex'
    Calls: buildVignettes -> texi2pdf -> texi2dvi
    Execution halted
Flavor: r-oldrel-windows-ix86+x86_64