Last updated on 2016-03-07 23:47:31.
Flavor | Version | Tinstall | Tcheck | Ttotal | Status | Flags |
---|---|---|---|---|---|---|
r-devel-linux-x86_64-debian-gcc | 0.1.6 | 45.49 | 23.94 | 69.43 | NOTE | |
r-devel-linux-x86_64-fedora-clang | 0.1.6 | 124.74 | OK | |||
r-devel-linux-x86_64-fedora-gcc | 0.1.6 | 113.00 | OK | |||
r-devel-osx-x86_64-clang | 0.1.6 | 101.97 | OK | |||
r-devel-windows-ix86+x86_64 | 0.1.6 | 367.00 | 74.00 | 441.00 | OK | |
r-patched-linux-x86_64 | 0.1.6 | 45.17 | 25.18 | 70.35 | NOTE | |
r-patched-solaris-sparc | 0.1.6 | 610.00 | OK | |||
r-patched-solaris-x86 | 0.1.6 | 162.70 | OK | |||
r-release-linux-x86_64 | 0.1.6 | 45.84 | 24.04 | 69.88 | NOTE | |
r-release-osx-x86_64-mavericks | 0.1.6 | NOTE | ||||
r-release-windows-ix86+x86_64 | 0.1.6 | 259.00 | 50.00 | 309.00 | OK | |
r-oldrel-windows-ix86+x86_64 | 0.1.6 | 290.00 | 59.00 | 349.00 | OK |
Memtest notes: clang-UBSAN gcc6-UBSAN gcc-UBSAN
Version: 0.1.6
Check: installed package size
Result: NOTE
installed size is 5.4Mb
sub-directories of 1Mb or more:
libs 5.0Mb
Flavors: r-devel-linux-x86_64-debian-gcc, r-patched-linux-x86_64, r-release-linux-x86_64
Version: 0.1.6
Check: package dependencies
Result: NOTE
Package suggested but not available for checking: ‘Rmpi’
Flavor: r-release-osx-x86_64-mavericks