Last updated on 2016-03-07 23:47:31.
Flavor | Version | Tinstall | Tcheck | Ttotal | Status | Flags |
---|---|---|---|---|---|---|
r-devel-linux-x86_64-debian-gcc | 0.3 | 0.81 | 16.53 | 17.34 | NOTE | |
r-devel-linux-x86_64-fedora-clang | 0.3 | 32.25 | NOTE | |||
r-devel-linux-x86_64-fedora-gcc | 0.3 | 30.09 | NOTE | |||
r-devel-osx-x86_64-clang | 0.3 | 35.69 | NOTE | |||
r-devel-windows-ix86+x86_64 | 0.3 | 6.00 | 34.00 | 40.00 | NOTE | |
r-patched-linux-x86_64 | 0.3 | 1.04 | 18.21 | 19.25 | NOTE | |
r-patched-solaris-sparc | 0.3 | 210.40 | NOTE | |||
r-patched-solaris-x86 | 0.3 | 48.80 | NOTE | |||
r-release-linux-x86_64 | 0.3 | 0.81 | 18.07 | 18.88 | NOTE | |
r-release-osx-x86_64-mavericks | 0.3 | NOTE | ||||
r-release-windows-ix86+x86_64 | 0.3 | 4.00 | 39.00 | 43.00 | NOTE | |
r-oldrel-windows-ix86+x86_64 | 0.3 | 9.00 | 54.00 | 63.00 | NOTE |
Version: 0.3
Check: dependencies in R code
Result: NOTE
Packages in Depends field not imported from:
‘ROCR’ ‘e1071’ ‘mda’ ‘pls’
These packages need to be imported from (in the NAMESPACE file)
for when this namespace is loaded but not attached.
Flavors: r-devel-linux-x86_64-debian-gcc, r-devel-linux-x86_64-fedora-clang, r-devel-linux-x86_64-fedora-gcc, r-devel-osx-x86_64-clang, r-devel-windows-ix86+x86_64, r-patched-linux-x86_64, r-patched-solaris-sparc, r-patched-solaris-x86, r-release-linux-x86_64, r-release-osx-x86_64-mavericks, r-release-windows-ix86+x86_64, r-oldrel-windows-ix86+x86_64
Version: 0.3
Check: R code for possible problems
Result: NOTE
log_wrapper: no visible global function definition for ‘glm’
log_wrapper: no visible global function definition for ‘binomial’
log_wrapper: no visible global function definition for ‘coef’
log_wrapper: no visible global function definition for ‘anova’
obliqueRF.default: no visible binding for global variable ‘predict’
obliqueRF.default: no visible global function definition for
‘prediction’
obliqueRF.default: no visible global function definition for
‘performance’
pls_wrapper: no visible global function definition for ‘kernelpls.fit’
pls_wrapper: no visible global function definition for ‘coef’
ridge_slow_wrapper: no visible global function definition for
‘gen.ridge’
ridge_slow_wrapper: no visible global function definition for ‘predict’
ridge_svd_wrapper: no visible global function definition for
‘gen.ridge’
rnd_wrapper: no visible global function definition for ‘rnorm’
svm_wrapper: no visible global function definition for ‘svm’
svm_wrapper: no visible global function definition for ‘predict’
Undefined global functions or variables:
anova binomial coef gen.ridge glm kernelpls.fit performance predict
prediction rnorm svm
Consider adding
importFrom("stats", "anova", "binomial", "coef", "glm", "predict",
"rnorm")
to your NAMESPACE file.
Flavors: r-devel-linux-x86_64-debian-gcc, r-devel-linux-x86_64-fedora-clang, r-devel-linux-x86_64-fedora-gcc, r-devel-osx-x86_64-clang, r-devel-windows-ix86+x86_64
Version: 0.3
Check: R code for possible problems
Result: NOTE
obliqueRF.default: no visible global function definition for
‘prediction’
obliqueRF.default: no visible global function definition for
‘performance’
pls_wrapper: no visible global function definition for ‘kernelpls.fit’
ridge_slow_wrapper: no visible global function definition for
‘gen.ridge’
ridge_svd_wrapper: no visible global function definition for
‘gen.ridge’
svm_wrapper: no visible global function definition for ‘svm’
Flavors: r-patched-linux-x86_64, r-patched-solaris-sparc, r-patched-solaris-x86, r-release-linux-x86_64, r-release-osx-x86_64-mavericks, r-release-windows-ix86+x86_64, r-oldrel-windows-ix86+x86_64