Last updated on 2016-03-07 23:47:32.
Flavor | Version | Tinstall | Tcheck | Ttotal | Status | Flags |
---|---|---|---|---|---|---|
r-devel-linux-x86_64-debian-gcc | 1.0.1 | 1.20 | 17.15 | 18.36 | OK | |
r-devel-linux-x86_64-fedora-clang | 1.0.1 | 33.20 | OK | |||
r-devel-linux-x86_64-fedora-gcc | 1.0.1 | 31.66 | OK | |||
r-devel-osx-x86_64-clang | 1.0.1 | 37.84 | OK | |||
r-devel-windows-ix86+x86_64 | 1.0.1 | 7.00 | 35.00 | 42.00 | OK | |
r-patched-linux-x86_64 | 1.0.1 | 1.17 | 19.05 | 20.23 | OK | |
r-patched-solaris-sparc | 1.0.1 | 216.90 | OK | |||
r-patched-solaris-x86 | 1.0.1 | 54.40 | OK | |||
r-release-linux-x86_64 | 1.0.1 | 1.03 | 18.76 | 19.79 | OK | |
r-release-osx-x86_64-mavericks | 1.0.1 | NOTE | ||||
r-release-windows-ix86+x86_64 | 1.0.1 | 11.00 | 39.00 | 50.00 | OK | |
r-oldrel-windows-ix86+x86_64 | 1.0.1 | 10.00 | 58.00 | 68.00 | OK |
Version: 1.0.1
Check: package dependencies
Result: NOTE
Package suggested but not available for checking: ‘org.At.tair.db’
Flavor: r-release-osx-x86_64-mavericks