Last updated on 2016-03-07 23:47:32.
Flavor | Version | Tinstall | Tcheck | Ttotal | Status | Flags |
---|---|---|---|---|---|---|
r-devel-linux-x86_64-debian-gcc | 0.5.2 | 3.78 | 72.00 | 75.78 | NOTE | |
r-devel-linux-x86_64-fedora-clang | 0.5.2 | 148.91 | NOTE | |||
r-devel-linux-x86_64-fedora-gcc | 0.5.2 | 140.82 | NOTE | |||
r-devel-osx-x86_64-clang | 0.5.2 | 205.84 | NOTE | |||
r-devel-windows-ix86+x86_64 | 0.5.2 | 55.00 | 132.00 | 187.00 | NOTE | |
r-patched-linux-x86_64 | 0.5.2 | 4.42 | 107.94 | 112.36 | NOTE | |
r-patched-solaris-sparc | 0.5.2 | 1366.30 | NOTE | |||
r-patched-solaris-x86 | 0.5.2 | 267.20 | NOTE | |||
r-release-linux-x86_64 | 0.5.2 | 4.32 | 106.94 | 111.26 | NOTE | |
r-release-osx-x86_64-mavericks | 0.5.2 | NOTE | ||||
r-release-windows-ix86+x86_64 | 0.5.2 | 27.00 | 200.00 | 227.00 | NOTE | |
r-oldrel-windows-ix86+x86_64 | 0.5.2 | 19.00 | 186.00 | 205.00 | NOTE |
Version: 0.5.2
Check: installed package size
Result: NOTE
installed size is 6.6Mb
sub-directories of 1Mb or more:
nifti 3.8Mb
Flavors: r-devel-linux-x86_64-debian-gcc, r-devel-linux-x86_64-fedora-clang, r-devel-linux-x86_64-fedora-gcc, r-devel-osx-x86_64-clang, r-devel-windows-ix86+x86_64, r-patched-linux-x86_64, r-patched-solaris-sparc, r-patched-solaris-x86, r-release-linux-x86_64, r-release-osx-x86_64-mavericks, r-release-windows-ix86+x86_64, r-oldrel-windows-ix86+x86_64
Version: 0.5.2
Check: R code for possible problems
Result: NOTE
hotmetal: no visible global function definition for ‘predict’
tim.colors: no visible global function definition for ‘predict’
Undefined global functions or variables:
predict
Consider adding
importFrom("stats", "predict")
to your NAMESPACE file.
Flavors: r-devel-linux-x86_64-debian-gcc, r-devel-linux-x86_64-fedora-clang, r-devel-linux-x86_64-fedora-gcc, r-devel-osx-x86_64-clang, r-devel-windows-ix86+x86_64