CRAN Package Check Results for Package pbdDEMO

Last updated on 2016-03-07 23:47:32.

Flavor Version Tinstall Tcheck Ttotal Status Flags
r-devel-linux-x86_64-debian-gcc 0.3-0 4.19 39.59 43.77 OK
r-devel-linux-x86_64-fedora-clang 0.3-0 77.90 OK
r-devel-linux-x86_64-fedora-gcc 0.3-0 75.50 OK
r-devel-osx-x86_64-clang 0.3-0 85.04 OK
r-devel-windows-ix86+x86_64 0.3-0 16.00 99.00 115.00 NOTE
r-patched-linux-x86_64 0.3-0 4.56 42.39 46.94 OK
r-patched-solaris-sparc 0.3-0 410.40 OK
r-patched-solaris-x86 0.3-0 117.00 OK
r-release-linux-x86_64 0.3-0 4.43 42.37 46.80 OK
r-release-osx-x86_64-mavericks 0.3-0 ERROR
r-release-windows-ix86+x86_64 0.3-0 11.00 98.00 109.00 NOTE
r-oldrel-windows-ix86+x86_64 0.3-0 18.00 104.00 122.00 NOTE

Check Details

Version: 0.3-0
Check: package dependencies
Result: NOTE
    Package which this enhances but not available for checking: 'pmclust'
Flavors: r-devel-windows-ix86+x86_64, r-release-windows-ix86+x86_64, r-oldrel-windows-ix86+x86_64

Version: 0.3-0
Check: dependencies in R code
Result: NOTE
    Not exits: C:/Program Files/netCDF 4.3.2
    Not exits: C:/Program Files/netCDF 4.3.2/bin
    Not exits: C:/Program Files/netCDF 4.3.2/deps/x64/bin
    Not exits: C:/Program Files/netCDF 4.3.2/deps/x64/bin/msvcp100.dll
    Not exits: C:/Program Files/netCDF 4.3.2/deps/x64/bin/msvcr100.dll
    Not exits: C:/Program Files/netCDF 4.3.2/deps/x64/bin/zlib.dll
    Not exits: C:/Program Files/netCDF 4.3.2/deps/x64/bin/hdf5.dll
    Not exits: C:/Program Files/netCDF 4.3.2/deps/x64/bin/hdf5_hl.dll
    Not exits: C:/Program Files/netCDF 4.3.2/bin/netcdf.dll
    ===== WARNING =====
    - netCDF 4.3.2 may not install at compile time.
    - Environment variables may not be correct at compile and run time.
    - pbdNCDF4 binary may not link with netCDF.
    - Please consider to rebuild from source.
    ===================
Flavors: r-devel-windows-ix86+x86_64, r-release-windows-ix86+x86_64, r-oldrel-windows-ix86+x86_64

Version: 0.3-0
Check: package dependencies
Result: ERROR
    Packages required but not available: ‘pbdMPI’ ‘pbdBASE’ ‘pbdDMAT’
    
    Package which this enhances but not available for checking: ‘pmclust’
    
    See section ‘The DESCRIPTION file’ in the ‘Writing R Extensions’
    manual.
Flavor: r-release-osx-x86_64-mavericks