Last updated on 2016-03-07 23:47:33.
Flavor | Version | Tinstall | Tcheck | Ttotal | Status | Flags |
---|---|---|---|---|---|---|
r-devel-linux-x86_64-debian-gcc | 0.2-7 | 0.69 | 20.81 | 21.50 | NOTE | |
r-devel-linux-x86_64-fedora-clang | 0.2-7 | 39.87 | NOTE | |||
r-devel-linux-x86_64-fedora-gcc | 0.2-7 | 37.78 | NOTE | |||
r-devel-osx-x86_64-clang | 0.2-7 | 43.04 | NOTE | |||
r-devel-windows-ix86+x86_64 | 0.2-7 | 8.00 | 44.00 | 52.00 | NOTE | |
r-patched-linux-x86_64 | 0.2-7 | 0.81 | 24.23 | 25.04 | NOTE | |
r-patched-solaris-sparc | 0.2-7 | 291.10 | NOTE | |||
r-patched-solaris-x86 | 0.2-7 | 60.00 | NOTE | |||
r-release-linux-x86_64 | 0.2-7 | 0.90 | 23.54 | 24.44 | NOTE | |
r-release-osx-x86_64-mavericks | 0.2-7 | OK | ||||
r-release-windows-ix86+x86_64 | 0.2-7 | 8.00 | 46.00 | 54.00 | OK | |
r-oldrel-windows-ix86+x86_64 | 0.2-7 | 5.00 | 58.00 | 63.00 | OK |
Version: 0.2-7
Check: S3 generic/method consistency
Result: NOTE
Found the following apparent S3 methods exported but not registered:
coef.plsdof vcov.plsdof
See section ‘Registering S3 methods’ in the ‘Writing R Extensions’
manual.
Flavors: r-devel-linux-x86_64-debian-gcc, r-devel-linux-x86_64-fedora-clang, r-devel-linux-x86_64-fedora-gcc, r-devel-osx-x86_64-clang, r-patched-linux-x86_64, r-patched-solaris-sparc, r-patched-solaris-x86, r-release-linux-x86_64
Version: 0.2-7
Check: R code for possible problems
Result: NOTE
compute.lower.bound: no visible global function definition for ‘cor’
kernel.pls.fit: no visible binding for global variable ‘sd’
linear.pls.fit: no visible binding for global variable ‘sd’
pcr: no visible binding for global variable ‘sd’
pcr: no visible global function definition for ‘cor’
pcr.cv: no visible global function definition for ‘cor’
pcr.cv: no visible global function definition for ‘plot’
pls.model: no visible binding for global variable ‘sd’
ridge.cv: no visible global function definition for ‘coef’
ridge.cv: no visible global function definition for ‘cor’
ridge.cv: no visible global function definition for ‘plot’
Undefined global functions or variables:
coef cor plot sd
Consider adding
importFrom("graphics", "plot")
importFrom("stats", "coef", "cor", "sd")
to your NAMESPACE file.
Flavors: r-devel-linux-x86_64-debian-gcc, r-devel-linux-x86_64-fedora-clang, r-devel-linux-x86_64-fedora-gcc, r-devel-osx-x86_64-clang, r-devel-windows-ix86+x86_64