CRAN Package Check Results for Package prc

Last updated on 2016-03-07 23:47:33.

Flavor Version Tinstall Tcheck Ttotal Status Flags
r-devel-linux-x86_64-debian-gcc 2015.6-24 1.30 27.74 29.04 NOTE
r-devel-linux-x86_64-fedora-clang 2015.6-24 57.21 NOTE
r-devel-linux-x86_64-fedora-gcc 2015.6-24 39.60 NOTE --no-tests
r-devel-osx-x86_64-clang 2015.6-24 58.84 NOTE
r-devel-windows-ix86+x86_64 2015.6-24 10.00 66.00 76.00 NOTE
r-patched-linux-x86_64 2015.6-24 1.35 27.98 29.32 NOTE
r-patched-solaris-sparc 2015.6-24 341.30 NOTE
r-patched-solaris-x86 2015.6-24 63.50 NOTE
r-release-linux-x86_64 2015.6-24 1.25 27.70 28.94 NOTE
r-release-osx-x86_64-mavericks 2015.6-24 NOTE
r-release-windows-ix86+x86_64 2015.6-24 16.00 70.00 86.00 NOTE
r-oldrel-windows-ix86+x86_64 2015.6-24 11.00 77.00 88.00 NOTE

Check Details

Version: 2015.6-24
Check: package dependencies
Result: NOTE
    Package suggested but not available for checking: ‘Rmosek’
Flavors: r-devel-linux-x86_64-debian-gcc, r-devel-windows-ix86+x86_64, r-patched-linux-x86_64, r-patched-solaris-sparc, r-patched-solaris-x86, r-release-linux-x86_64, r-release-osx-x86_64-mavericks, r-release-windows-ix86+x86_64, r-oldrel-windows-ix86+x86_64

Version: 2015.6-24
Check: R code for possible problems
Result: NOTE
    lines.prc: no visible global function definition for ‘plot’
    lines.quad: no visible global function definition for ‘plot’
    plot.prc: no visible global function definition for ‘coef’
    plot.prc: no visible global function definition for ‘plot’
    plot.prc: no visible global function definition for ‘lines’
    plot.prc: no visible global function definition for ‘points’
    plot.prc: no visible global function definition for ‘abline’
    plot.quad: no visible global function definition for ‘coef’
    plot.quad: no visible global function definition for ‘plot’
    plot.quad: no visible global function definition for ‘lines’
    plot.quad: no visible global function definition for ‘points’
    prc: no visible global function definition for ‘as.formula’
    prc: no visible global function definition for ‘coef’
    prc: no visible global function definition for ‘optim’
    prc: no visible global function definition for ‘optimize’
    prcsp: no visible global function definition for ‘coef’
    prcsp: no visible global function definition for ‘plot’
    prcsp: no visible global function definition for ‘abline’
    prcsp: no visible global function definition for ‘title’
    prcsp: no visible global function definition for ‘lm.fit’
    prcsp: no visible global function definition for ‘points’
    prcsp: no visible global function definition for ‘lines’
    prcsp: no visible global function definition for ‘par’
    prcsp: no visible global function definition for ‘optim’
    prcsp : <anonymous>: no visible global function definition for ‘dbeta’
    prcsp: no visible global function definition for ‘dbeta’
    prcsp : debug.1: no visible global function definition for ‘dbeta’
    prcsp: no visible global function definition for ‘nlminb’
    prcsp: no visible global function definition for ‘optimize’
    predict.prc: no visible global function definition for ‘coef’
    quadratic.eiv: no visible global function definition for ‘as.formula’
    quadratic.eiv: no visible global function definition for ‘coef’
    quadratic.eiv: no visible global function definition for ‘optim’
    quadratic.eiv: no visible global function definition for ‘optimize’
    quadratic.eiv.sp: no visible global function definition for ‘coef’
    quadratic.eiv.sp: no visible global function definition for ‘plot’
    quadratic.eiv.sp: no visible global function definition for ‘abline’
    quadratic.eiv.sp: no visible global function definition for ‘lm.fit’
    quadratic.eiv.sp: no visible global function definition for ‘points’
    quadratic.eiv.sp: no visible global function definition for ‘lines’
    quadratic.eiv.sp: no visible global function definition for ‘optim’
    Undefined global functions or variables:
     abline as.formula coef dbeta lines lm.fit nlminb optim optimize par
     plot points title
    Consider adding
     importFrom("graphics", "abline", "lines", "par", "plot", "points",
     "title")
     importFrom("stats", "as.formula", "coef", "dbeta", "lm.fit", "nlminb",
     "optim", "optimize")
    to your NAMESPACE file.
Flavors: r-devel-linux-x86_64-debian-gcc, r-devel-linux-x86_64-fedora-clang, r-devel-osx-x86_64-clang, r-devel-windows-ix86+x86_64

Version: 2015.6-24
Flags: --no-tests
Check: R code for possible problems
Result: NOTE
    lines.prc: no visible global function definition for ‘plot’
    lines.quad: no visible global function definition for ‘plot’
    plot.prc: no visible global function definition for ‘coef’
    plot.prc: no visible global function definition for ‘plot’
    plot.prc: no visible global function definition for ‘lines’
    plot.prc: no visible global function definition for ‘points’
    plot.prc: no visible global function definition for ‘abline’
    plot.quad: no visible global function definition for ‘coef’
    plot.quad: no visible global function definition for ‘plot’
    plot.quad: no visible global function definition for ‘lines’
    plot.quad: no visible global function definition for ‘points’
    prc: no visible global function definition for ‘as.formula’
    prc: no visible global function definition for ‘coef’
    prc: no visible global function definition for ‘optim’
    prc: no visible global function definition for ‘optimize’
    prcsp: no visible global function definition for ‘coef’
    prcsp: no visible global function definition for ‘plot’
    prcsp: no visible global function definition for ‘abline’
    prcsp: no visible global function definition for ‘title’
    prcsp: no visible global function definition for ‘lm.fit’
    prcsp: no visible global function definition for ‘points’
    prcsp: no visible global function definition for ‘lines’
    prcsp: no visible global function definition for ‘par’
    prcsp: no visible global function definition for ‘optim’
    prcsp : <anonymous>: no visible global function definition for ‘dbeta’
    prcsp: no visible global function definition for ‘dbeta’
    prcsp : debug.1: no visible global function definition for ‘dbeta’
    prcsp: no visible global function definition for ‘nlminb’
    prcsp: no visible global function definition for ‘optimize’
    predict.prc: no visible global function definition for ‘coef’
    quadratic.eiv: no visible global function definition for ‘as.formula’
    quadratic.eiv: no visible global function definition for ‘coef’
    quadratic.eiv: no visible global function definition for ‘optim’
    quadratic.eiv: no visible global function definition for ‘optimize’
    quadratic.eiv.sp: no visible global function definition for ‘coef’
    quadratic.eiv.sp: no visible global function definition for ‘plot’
    quadratic.eiv.sp: no visible global function definition for ‘abline’
    quadratic.eiv.sp: no visible global function definition for ‘lm.fit’
    quadratic.eiv.sp: no visible global function definition for ‘points’
    quadratic.eiv.sp: no visible global function definition for ‘lines’
    quadratic.eiv.sp: no visible global function definition for ‘optim’
    Undefined global functions or variables:
     abline as.formula coef dbeta lines lm.fit nlminb optim optimize par
     plot points title
    Consider adding
     importFrom("graphics", "abline", "lines", "par", "plot", "points",
     "title")
     importFrom("stats", "as.formula", "coef", "dbeta", "lm.fit", "nlminb",
     "optim", "optimize")
    to your NAMESPACE file.
Flavor: r-devel-linux-x86_64-fedora-gcc