CRAN Package Check Results for Package proj4

Last updated on 2016-03-07 23:47:34.

Flavor Version Tinstall Tcheck Ttotal Status Flags
r-devel-linux-x86_64-debian-gcc 1.0-8 1.81 8.16 9.97 NOTE
r-devel-linux-x86_64-fedora-clang 1.0-8 16.88 NOTE
r-devel-linux-x86_64-fedora-gcc 1.0-8 15.39 NOTE
r-devel-osx-x86_64-clang 1.0-8 22.76 NOTE
r-devel-windows-ix86+x86_64 1.0-8 10.00 31.00 41.00 NOTE
r-patched-linux-x86_64 1.0-8 1.93 8.83 10.76 NOTE
r-patched-solaris-sparc 1.0-8 103.70 NOTE
r-patched-solaris-x86 1.0-8 22.90 NOTE
r-release-linux-x86_64 1.0-8 1.98 8.70 10.68 NOTE
r-release-osx-x86_64-mavericks 1.0-8 NOTE
r-release-windows-ix86+x86_64 1.0-8 8.00 19.00 27.00 NOTE
r-oldrel-windows-ix86+x86_64 1.0-8 11.00 27.00 38.00 NOTE

Check Details

Version: 1.0-8
Check: R code for possible problems
Result: NOTE
    NB: .First.lib is obsolete and will not be used in R >= 3.0.0
Flavors: r-devel-linux-x86_64-debian-gcc, r-devel-linux-x86_64-fedora-clang, r-devel-linux-x86_64-fedora-gcc, r-devel-osx-x86_64-clang, r-devel-windows-ix86+x86_64, r-patched-linux-x86_64, r-patched-solaris-sparc, r-patched-solaris-x86, r-release-linux-x86_64, r-release-osx-x86_64-mavericks, r-release-windows-ix86+x86_64, r-oldrel-windows-ix86+x86_64