Last updated on 2016-03-07 23:47:34.
Flavor | Version | Tinstall | Tcheck | Ttotal | Status | Flags |
---|---|---|---|---|---|---|
r-devel-linux-x86_64-debian-gcc | 0.15-0 | 0.87 | 32.45 | 33.32 | NOTE | |
r-devel-linux-x86_64-fedora-clang | 0.15-0 | 64.50 | NOTE | |||
r-devel-linux-x86_64-fedora-gcc | 0.15-0 | 61.40 | NOTE | |||
r-devel-osx-x86_64-clang | 0.15-0 | 70.18 | NOTE | |||
r-devel-windows-ix86+x86_64 | 0.15-0 | 11.00 | 67.00 | 78.00 | NOTE | |
r-patched-linux-x86_64 | 0.15-0 | 0.93 | 34.16 | 35.09 | OK | |
r-patched-solaris-sparc | 0.15-0 | 426.30 | OK | |||
r-patched-solaris-x86 | 0.15-0 | 84.60 | OK | |||
r-release-linux-x86_64 | 0.15-0 | 0.98 | 33.99 | 34.96 | OK | |
r-release-osx-x86_64-mavericks | 0.15-0 | OK | ||||
r-release-windows-ix86+x86_64 | 0.15-0 | 10.00 | 74.00 | 84.00 | OK | |
r-oldrel-windows-ix86+x86_64 | 0.15-0 | 9.00 | 84.00 | 93.00 | OK |
Version: 0.15-0
Check: R code for possible problems
Result: NOTE
node_regionplot: no visible binding for global variable ‘gray.colors’
node_regionplot: no visible global function definition for
‘extendrange’
Undefined global functions or variables:
extendrange gray.colors
Consider adding
importFrom("grDevices", "extendrange", "gray.colors")
to your NAMESPACE file.
Flavors: r-devel-linux-x86_64-debian-gcc, r-devel-linux-x86_64-fedora-clang, r-devel-linux-x86_64-fedora-gcc, r-devel-osx-x86_64-clang, r-devel-windows-ix86+x86_64