Last updated on 2016-03-07 23:47:34.
Flavor | Version | Tinstall | Tcheck | Ttotal | Status | Flags |
---|---|---|---|---|---|---|
r-devel-linux-x86_64-debian-gcc | 0.4-5 | 1.74 | 39.69 | 41.43 | NOTE | |
r-devel-linux-x86_64-fedora-clang | 0.4-5 | 78.06 | OK | |||
r-devel-linux-x86_64-fedora-gcc | 0.4-5 | 70.76 | OK | |||
r-devel-osx-x86_64-clang | 0.4-5 | 84.02 | OK | |||
r-devel-windows-ix86+x86_64 | 0.4-5 | 8.00 | 61.00 | 69.00 | OK | |
r-patched-linux-x86_64 | 0.4-5 | 2.30 | 41.42 | 43.71 | NOTE | |
r-patched-solaris-sparc | 0.4-5 | 465.50 | NOTE | |||
r-patched-solaris-x86 | 0.4-5 | 91.30 | NOTE | |||
r-release-linux-x86_64 | 0.4-5 | 1.96 | 40.71 | 42.67 | NOTE | |
r-release-osx-x86_64-mavericks | 0.4-5 | OK | ||||
r-release-windows-ix86+x86_64 | 0.4-5 | 17.00 | 72.00 | 89.00 | OK | |
r-oldrel-windows-ix86+x86_64 | 0.4-5 | 11.00 | 85.00 | 96.00 | OK |
Version: 0.4-5
Check: R code for possible problems
Result: NOTE
Found the following calls to attach():
File ‘quantmod/R/attachSymbols.R’:
attach(NULL, pos = pos, name = DB$name)
attach(NULL, pos = pos, name = DB$name)
See section ‘Good practice’ in ‘?attach’.
Flavors: r-devel-linux-x86_64-debian-gcc, r-patched-linux-x86_64, r-release-linux-x86_64
Version: 0.4-5
Check: package dependencies
Result: NOTE
Package suggested but not available for checking: ‘RMySQL’
Flavors: r-patched-solaris-sparc, r-patched-solaris-x86