CRAN Package Check Results for Package rasclass

Last updated on 2016-03-07 23:47:34.

Flavor Version Tinstall Tcheck Ttotal Status Flags
r-devel-linux-x86_64-debian-gcc 0.2.1 3.91 44.27 48.19 NOTE
r-devel-linux-x86_64-fedora-clang 0.2.1 98.33 NOTE
r-devel-linux-x86_64-fedora-gcc 0.2.1 93.37 NOTE
r-devel-osx-x86_64-clang 0.2.1 105.38 NOTE
r-devel-windows-ix86+x86_64 0.2.1 15.00 79.00 94.00 NOTE
r-patched-linux-x86_64 0.2.1 4.21 48.50 52.70 OK
r-patched-solaris-sparc 0.2.1 607.30 OK
r-patched-solaris-x86 0.2.1 135.20 OK
r-release-linux-x86_64 0.2.1 4.31 48.44 52.75 OK
r-release-osx-x86_64-mavericks 0.2.1 OK
r-release-windows-ix86+x86_64 0.2.1 15.00 89.00 104.00 OK
r-oldrel-windows-ix86+x86_64 0.2.1 28.00 133.00 161.00 OK

Check Details

Version: 0.2.1
Check: R code for possible problems
Result: NOTE
    classifyRasclass,rasclass: no visible global function definition for
     ‘na.omit’
    classifyRasclass,rasclass : <anonymous>: no visible global function
     definition for ‘predict’
    classifyRasclass,rasclass: no visible global function definition for
     ‘as.formula’
    image,rasclassRaster: no visible global function definition for
     ‘rainbow’
    rasclassMlc,rasclass: no visible global function definition for
     ‘na.omit’
    rasclassMlc,rasclass: no visible global function definition for ‘cov’
    Undefined global functions or variables:
     as.formula cov na.omit predict rainbow
    Consider adding
     importFrom("grDevices", "rainbow")
     importFrom("stats", "as.formula", "cov", "na.omit", "predict")
    to your NAMESPACE file.
Flavors: r-devel-linux-x86_64-debian-gcc, r-devel-linux-x86_64-fedora-clang, r-devel-linux-x86_64-fedora-gcc, r-devel-osx-x86_64-clang, r-devel-windows-ix86+x86_64