CRAN Package Check Results for Package readr

Last updated on 2016-03-07 23:47:35.

Flavor Version Tinstall Tcheck Ttotal Status Flags
r-devel-linux-x86_64-debian-gcc 0.2.2 102.65 22.68 125.33 NOTE
r-devel-linux-x86_64-fedora-clang 0.2.2 237.09 NOTE
r-devel-linux-x86_64-fedora-gcc 0.2.2 256.62 NOTE
r-devel-osx-x86_64-clang 0.2.2 122.17 OK
r-devel-windows-ix86+x86_64 0.2.2 816.00 73.00 889.00 OK
r-patched-linux-x86_64 0.2.2 104.30 24.80 129.10 NOTE
r-patched-solaris-sparc 0.2.2 1477.00 ERROR
r-patched-solaris-x86 0.2.2 321.30 OK
r-release-linux-x86_64 0.2.2 102.09 24.51 126.60 NOTE
r-release-osx-x86_64-mavericks 0.2.2 NOTE
r-release-windows-ix86+x86_64 0.2.2 773.00 96.00 869.00 OK
r-oldrel-windows-ix86+x86_64 0.2.2 598.00 113.00 711.00 OK

Memtest notes: clang-ASAN clang-UBSAN gcc6-UBSAN gcc6-UBSAN gcc-UBSAN gcc-UBSAN

Check Details

Version: 0.2.2
Check: installed package size
Result: NOTE
     installed size is 10.1Mb
     sub-directories of 1Mb or more:
     libs 9.7Mb
Flavors: r-devel-linux-x86_64-debian-gcc, r-devel-linux-x86_64-fedora-clang, r-devel-linux-x86_64-fedora-gcc, r-patched-linux-x86_64, r-release-linux-x86_64, r-release-osx-x86_64-mavericks

Version: 0.2.2
Check: tests
Result: ERROR
    Running the tests in ‘tests/testthat.R’ failed.
    Last 13 lines of output:
     row col expected actual
     1 -- time like %p %H시 %M분 오후 1시 30분
     1. Failure (at test-parsing-datetime.R#132): locale affects am/pm --------------
     a not equal to b
     Attributes: < Length mismatch: comparison on first 1 components >
     'is.NA' value mismatch: 1 in current 0 in target
    
     testthat results ================================================================
     OK: 233 SKIPPED: 2 FAILED: 1
     1. Failure (at test-parsing-datetime.R#132): locale affects am/pm
    
     Error: testthat unit tests failed
     Execution halted
Flavor: r-patched-solaris-sparc