Last updated on 2016-03-07 23:47:35.
Flavor | Version | Tinstall | Tcheck | Ttotal | Status | Flags |
---|---|---|---|---|---|---|
r-devel-linux-x86_64-debian-gcc | 0.5 | 1.00 | 31.32 | 32.32 | OK | |
r-devel-linux-x86_64-fedora-clang | 0.5 | 59.65 | OK | |||
r-devel-linux-x86_64-fedora-gcc | 0.5 | 55.92 | OK | |||
r-devel-osx-x86_64-clang | 0.5 | 60.15 | OK | |||
r-devel-windows-ix86+x86_64 | 0.5 | 4.00 | 56.00 | 60.00 | OK | |
r-patched-linux-x86_64 | 0.5 | 1.16 | 34.18 | 35.34 | OK | |
r-patched-solaris-sparc | 0.5 | 358.30 | OK | |||
r-patched-solaris-x86 | 0.5 | 73.70 | OK | |||
r-release-linux-x86_64 | 0.5 | 1.01 | 33.92 | 34.93 | OK | |
r-release-osx-x86_64-mavericks | 0.5 | ERROR | ||||
r-release-windows-ix86+x86_64 | 0.5 | 8.00 | 60.00 | 68.00 | OK | |
r-oldrel-windows-ix86+x86_64 | 0.5 | 6.00 | 84.00 | 90.00 | OK |
Version: 0.5
Check: package dependencies
Result: ERROR
Package required but not available: ‘Rmpi’
See section ‘The DESCRIPTION file’ in the ‘Writing R Extensions’
manual.
Flavor: r-release-osx-x86_64-mavericks