CRAN Package Check Results for Package rgdal

Last updated on 2016-03-07 23:47:36.

Flavor Version Tinstall Tcheck Ttotal Status Flags
r-devel-linux-x86_64-debian-gcc 1.1-3 8.31 56.00 64.31 OK
r-devel-linux-x86_64-fedora-clang 1.1-3 87.56 OK
r-devel-linux-x86_64-fedora-gcc 1.1-3 83.00 OK
r-devel-osx-x86_64-clang 1.1-3 91.87 NOTE
r-devel-windows-ix86+x86_64 1.1-3 49.00 265.00 314.00 NOTE
r-patched-linux-x86_64 1.1-3 9.50 60.15 69.65 OK
r-patched-solaris-sparc 1.1-3 569.40 OK
r-patched-solaris-x86 1.1-3 121.30 OK
r-release-linux-x86_64 1.1-3 8.09 58.82 66.90 OK
r-release-osx-x86_64-mavericks 1.1-3 ERROR
r-release-windows-ix86+x86_64 1.1-3 70.00 215.00 285.00 NOTE
r-oldrel-windows-ix86+x86_64 1.1-3 53.00 264.00 317.00 NOTE

Check Details

Version: 1.1-3
Check: installed package size
Result: NOTE
     installed size is 18.4Mb
     sub-directories of 1Mb or more:
     libs 15.9Mb
     pictures 1.3Mb
Flavors: r-devel-osx-x86_64-clang, r-devel-windows-ix86+x86_64, r-release-windows-ix86+x86_64, r-oldrel-windows-ix86+x86_64

Version: 1.1-3
Check: whether package can be installed
Result: ERROR
    Installation failed.
Flavor: r-release-osx-x86_64-mavericks