Last updated on 2016-03-07 23:47:36.
Flavor | Version | Tinstall | Tcheck | Ttotal | Status | Flags |
---|---|---|---|---|---|---|
r-devel-linux-x86_64-debian-gcc | 2.0-4 | 3.43 | 36.78 | 40.21 | NOTE | |
r-devel-linux-x86_64-fedora-clang | 2.0-4 | 79.76 | NOTE | |||
r-devel-linux-x86_64-fedora-gcc | 2.0-4 | 77.37 | NOTE | |||
r-devel-osx-x86_64-clang | 2.0-4 | 80.62 | NOTE | |||
r-devel-windows-ix86+x86_64 | 2.0-4 | 12.00 | 68.00 | 80.00 | NOTE | |
r-patched-linux-x86_64 | 2.0-4 | 3.77 | 40.17 | 43.95 | OK | |
r-patched-solaris-sparc | 2.0-4 | 508.60 | OK | |||
r-patched-solaris-x86 | 2.0-4 | 116.10 | OK | |||
r-release-linux-x86_64 | 2.0-4 | 3.64 | 39.83 | 43.47 | OK | |
r-release-osx-x86_64-mavericks | 2.0-4 | OK | ||||
r-release-windows-ix86+x86_64 | 2.0-4 | 12.00 | 75.00 | 87.00 | OK | |
r-oldrel-windows-ix86+x86_64 | 2.0-4 | 18.00 | 99.00 | 117.00 | OK |
Version: 2.0-4
Check: R code for possible problems
Result: NOTE
Tbsb : ksiint: no visible global function definition for ‘pgamma’
Tbsb: no visible global function definition for ‘pchisq’
Tbsc: no visible global function definition for ‘qchisq’
riv_classical: no visible global function definition for ‘cov’
riv_classical: no visible global function definition for ‘pt’
riv_sest: no visible global function definition for ‘pt’
riv_sest: no visible global function definition for ‘mad’
riv_sest: no visible global function definition for ‘mahalanobis’
riv_withDummies: no visible global function definition for ‘coef’
riv_withDummies : <anonymous>: no visible global function definition
for ‘coef’
Undefined global functions or variables:
coef cov mad mahalanobis pchisq pgamma pt qchisq
Consider adding
importFrom("stats", "coef", "cov", "mad", "mahalanobis", "pchisq",
"pgamma", "pt", "qchisq")
to your NAMESPACE file.
Flavors: r-devel-linux-x86_64-debian-gcc, r-devel-linux-x86_64-fedora-clang, r-devel-linux-x86_64-fedora-gcc, r-devel-osx-x86_64-clang, r-devel-windows-ix86+x86_64