Last updated on 2016-03-07 23:47:37.
Flavor | Version | Tinstall | Tcheck | Ttotal | Status | Flags |
---|---|---|---|---|---|---|
r-devel-linux-x86_64-debian-gcc | 0.3.9200 | 0.72 | 11.77 | 12.49 | NOTE | |
r-devel-linux-x86_64-fedora-clang | 0.3.9200 | 21.75 | NOTE | |||
r-devel-linux-x86_64-fedora-gcc | 0.3.9200 | 20.04 | NOTE | |||
r-devel-osx-x86_64-clang | 0.3.9200 | 24.14 | NOTE | |||
r-devel-windows-ix86+x86_64 | 0.3.9200 | 8.00 | 41.00 | 49.00 | NOTE | |
r-patched-linux-x86_64 | 0.3.9200 | 0.86 | 12.78 | 13.64 | OK | |
r-patched-solaris-sparc | 0.3.9200 | 141.20 | OK | |||
r-patched-solaris-x86 | 0.3.9200 | 34.70 | OK | |||
r-release-linux-x86_64 | 0.3.9200 | 0.84 | 12.56 | 13.40 | OK | |
r-release-osx-x86_64-mavericks | 0.3.9200 | NOTE | ||||
r-release-windows-ix86+x86_64 | 0.3.9200 | 8.00 | 41.00 | 49.00 | OK | |
r-oldrel-windows-ix86+x86_64 | 0.3.9200 | 7.00 | 44.00 | 51.00 | OK |
Version: 0.3.9200
Check: R code for possible problems
Result: NOTE
stripslash: no visible global function definition for ‘tail’
Undefined global functions or variables:
tail
Consider adding
importFrom("utils", "tail")
to your NAMESPACE file.
Flavors: r-devel-linux-x86_64-debian-gcc, r-devel-linux-x86_64-fedora-clang, r-devel-linux-x86_64-fedora-gcc, r-devel-osx-x86_64-clang, r-devel-windows-ix86+x86_64
Version: 0.3.9200
Check: package dependencies
Result: NOTE
Package suggested but not available for checking: ‘rgdal’
Flavor: r-release-osx-x86_64-mavericks