CRAN Package Check Results for Package rstiefel

Last updated on 2016-03-07 23:47:37.

Flavor Version Tinstall Tcheck Ttotal Status Flags
r-devel-linux-x86_64-debian-gcc 0.10 0.94 76.89 77.82 NOTE
r-devel-linux-x86_64-fedora-clang 0.10 148.51 NOTE
r-devel-linux-x86_64-fedora-gcc 0.10 141.76 NOTE
r-devel-osx-x86_64-clang 0.10 117.88 NOTE
r-devel-windows-ix86+x86_64 0.10 10.00 148.00 158.00 NOTE
r-patched-linux-x86_64 0.10 1.04 149.02 150.06 OK
r-patched-solaris-sparc 0.10 1892.70 OK
r-patched-solaris-x86 0.10 331.50 OK
r-release-linux-x86_64 0.10 1.00 150.61 151.61 OK
r-release-osx-x86_64-mavericks 0.10 OK
r-release-windows-ix86+x86_64 0.10 7.00 275.00 282.00 OK
r-oldrel-windows-ix86+x86_64 0.10 9.00 228.00 237.00 OK

Check Details

Version: 0.10
Check: R code for possible problems
Result: NOTE
    rbing.O2: no visible global function definition for ‘runif’
    rbing.O2: no visible global function definition for ‘rbeta’
    rbing.O2: no visible global function definition for ‘rbinom’
    rbing.Op: no visible global function definition for ‘rnorm’
    rbing.Op: no visible global function definition for ‘rbinom’
    rbing.Op: no visible global function definition for ‘runif’
    rbmf.O2: no visible global function definition for ‘runif’
    rmf.matrix: no visible global function definition for ‘runif’
    rmf.vector: no visible global function definition for ‘rnorm’
    rmf.vector: no visible global function definition for ‘rbinom’
    rustiefel: no visible global function definition for ‘rnorm’
    Undefined global functions or variables:
     rbeta rbinom rnorm runif
    Consider adding
     importFrom("stats", "rbeta", "rbinom", "rnorm", "runif")
    to your NAMESPACE file.
Flavors: r-devel-linux-x86_64-debian-gcc, r-devel-linux-x86_64-fedora-clang, r-devel-linux-x86_64-fedora-gcc, r-devel-osx-x86_64-clang, r-devel-windows-ix86+x86_64