CRAN Package Check Results for Package scrm

Last updated on 2016-03-07 23:47:38.

Flavor Version Tinstall Tcheck Ttotal Status Flags
r-devel-linux-x86_64-debian-gcc 1.6.0-2 62.95 13.92 76.87 NOTE
r-devel-linux-x86_64-fedora-clang 1.6.0-2 172.96 OK
r-devel-linux-x86_64-fedora-gcc 1.6.0-2 169.57 NOTE
r-devel-osx-x86_64-clang 1.6.0-2 102.90 OK
r-devel-windows-ix86+x86_64 1.6.0-2 340.00 51.00 391.00 OK
r-patched-linux-x86_64 1.6.0-2 66.53 16.13 82.66 NOTE
r-patched-solaris-sparc 1.6.0-2 832.80 OK
r-patched-solaris-x86 1.6.0-2 153.60 OK
r-release-linux-x86_64 1.6.0-2 63.61 16.17 79.79 NOTE
r-release-osx-x86_64-mavericks 1.6.0-2 OK
r-release-windows-ix86+x86_64 1.6.0-2 327.00 63.00 390.00 OK
r-oldrel-windows-ix86+x86_64 1.6.0-2 258.00 72.00 330.00 OK

Memtest notes: clang-ASAN

Check Details

Version: 1.6.0-2
Check: installed package size
Result: NOTE
     installed size is 5.5Mb
     sub-directories of 1Mb or more:
     libs 5.3Mb
Flavors: r-devel-linux-x86_64-debian-gcc, r-devel-linux-x86_64-fedora-gcc, r-patched-linux-x86_64, r-release-linux-x86_64