CRAN Package Check Results for Package sdcMicro

Last updated on 2016-03-07 23:47:38.

Flavor Version Tinstall Tcheck Ttotal Status Flags
r-devel-linux-x86_64-debian-gcc 4.6.0 25.97 99.93 125.89 OK
r-devel-linux-x86_64-fedora-clang 4.6.0 264.50 OK
r-devel-linux-x86_64-fedora-gcc 4.6.0 245.67 OK
r-devel-osx-x86_64-clang 4.6.0 228.27 OK
r-devel-windows-ix86+x86_64 4.6.0 104.00 229.00 333.00 OK
r-patched-linux-x86_64 4.6.0 27.21 108.84 136.06 OK
r-patched-solaris-sparc 4.6.0 1476.60 ERROR
r-patched-solaris-x86 4.6.0 306.30 ERROR
r-release-linux-x86_64 4.6.0 25.98 109.38 135.36 OK
r-release-osx-x86_64-mavericks 4.6.0 ERROR
r-release-windows-ix86+x86_64 4.6.0 103.00 346.00 449.00 OK
r-oldrel-windows-ix86+x86_64 4.6.0 124.00 480.00 604.00 OK

Check Details

Version: 4.6.0
Check: tests
Result: ERROR
    Running the tests in ‘tests/reporting_test.R’ failed.
    Last 13 lines of output:
     > sdcObject <- globalRecode(sdcObject, column = c("age"), breaks = c(6), labels = NULL)
     > sdcObject <- groupVars(sdcObject, var = c("age"),
     + before = c("(63.333333,79.166667]", "(79.166667,95.095]"),
     + after = c("(63.333,95.095]", "(63.333,95.095]"))
     > sdcObject <- localSuppression(sdcObject, k = c(2), importance = c(1, 3, 1, 3))
     > sdcObject <- localSuppression(sdcObject, k = c(3), importance = c(1, 3, 1, 3))
     > sdcObject <- microaggregation(sdcObject, aggr = c(3), method = c("mdav"),
     + variables = c("expend"), strata_variables = c("sex"))
     >
     > td <- tempdir()
     > report(sdcObject, outdir = td)
     Error: pandoc version 1.12.3 or higher is required and was not found.
     Execution halted
Flavors: r-patched-solaris-sparc, r-patched-solaris-x86, r-release-osx-x86_64-mavericks