CRAN Package Check Results for Package smoothie

Last updated on 2016-03-07 23:47:39.

Flavor Version Tinstall Tcheck Ttotal Status Flags
r-devel-linux-x86_64-debian-gcc 1.0-1 0.52 9.27 9.79 NOTE
r-devel-linux-x86_64-fedora-clang 1.0-1 16.29 NOTE
r-devel-linux-x86_64-fedora-gcc 1.0-1 15.18 NOTE
r-devel-osx-x86_64-clang 1.0-1 18.66 NOTE
r-devel-windows-ix86+x86_64 1.0-1 5.00 23.00 28.00 NOTE
r-patched-linux-x86_64 1.0-1 0.60 9.85 10.45 NOTE
r-patched-solaris-sparc 1.0-1 105.70 NOTE
r-patched-solaris-x86 1.0-1 23.00 NOTE
r-release-linux-x86_64 1.0-1 0.60 10.03 10.63 NOTE
r-release-osx-x86_64-mavericks 1.0-1 NOTE
r-release-windows-ix86+x86_64 1.0-1 4.00 24.00 28.00 NOTE
r-oldrel-windows-ix86+x86_64 1.0-1 3.00 32.00 35.00 OK

Check Details

Version: 1.0-1
Check: DESCRIPTION meta-information
Result: NOTE
    Malformed Description field: should contain one or more complete sentences.
Flavors: r-devel-linux-x86_64-debian-gcc, r-devel-linux-x86_64-fedora-clang, r-devel-linux-x86_64-fedora-gcc, r-devel-osx-x86_64-clang, r-devel-windows-ix86+x86_64, r-patched-linux-x86_64, r-patched-solaris-sparc, r-patched-solaris-x86, r-release-linux-x86_64, r-release-osx-x86_64-mavericks, r-release-windows-ix86+x86_64

Version: 1.0-1
Check: R code for possible problems
Result: NOTE
    Fourier2d: no visible global function definition for ‘fft’
    kernel2dsmooth: no visible global function definition for ‘fft’
    Undefined global functions or variables:
     fft
    Consider adding
     importFrom("stats", "fft")
    to your NAMESPACE file.
Flavors: r-devel-linux-x86_64-debian-gcc, r-devel-linux-x86_64-fedora-clang, r-devel-linux-x86_64-fedora-gcc, r-devel-osx-x86_64-clang, r-devel-windows-ix86+x86_64