CRAN Package Check Results for Package snipEM

Last updated on 2016-03-07 23:47:39.

Flavor Version Tinstall Tcheck Ttotal Status Flags
r-devel-linux-x86_64-debian-gcc 1.0 11.74 16.61 28.35 NOTE
r-devel-linux-x86_64-fedora-clang 1.0 58.66 NOTE
r-devel-linux-x86_64-fedora-gcc 1.0 52.08 NOTE
r-devel-osx-x86_64-clang 1.0 45.92 NOTE
r-devel-windows-ix86+x86_64 1.0 58.00 52.00 110.00 NOTE
r-patched-linux-x86_64 1.0 12.31 18.19 30.50 NOTE
r-patched-solaris-sparc 1.0 330.30 NOTE
r-patched-solaris-x86 1.0 70.80 NOTE
r-release-linux-x86_64 1.0 11.79 18.23 30.02 NOTE
r-release-osx-x86_64-mavericks 1.0 NOTE
r-release-windows-ix86+x86_64 1.0 54.00 52.00 106.00 NOTE
r-oldrel-windows-ix86+x86_64 1.0 63.00 79.00 142.00 OK

Check Details

Version: 1.0
Check: DESCRIPTION meta-information
Result: NOTE
    Malformed Description field: should contain one or more complete sentences.
Flavors: r-devel-linux-x86_64-debian-gcc, r-devel-linux-x86_64-fedora-clang, r-devel-linux-x86_64-fedora-gcc, r-devel-osx-x86_64-clang, r-devel-windows-ix86+x86_64, r-patched-linux-x86_64, r-patched-solaris-sparc, r-patched-solaris-x86, r-release-linux-x86_64, r-release-osx-x86_64-mavericks, r-release-windows-ix86+x86_64

Version: 1.0
Check: R code for possible problems
Result: NOTE
    sclust: no visible global function definition for ‘var’
    snipEM: no visible global function definition for ‘cov’
    stEM: no visible global function definition for ‘cov’
    stEM: no visible global function definition for ‘quantile’
    Undefined global functions or variables:
     cov quantile var
    Consider adding
     importFrom("stats", "cov", "quantile", "var")
    to your NAMESPACE file.
Flavors: r-devel-linux-x86_64-debian-gcc, r-devel-linux-x86_64-fedora-clang, r-devel-linux-x86_64-fedora-gcc, r-devel-osx-x86_64-clang, r-devel-windows-ix86+x86_64